Last updated on 2023-09-26 17:09:26 CEST.
Flavor | Version | Tinstall | Tcheck | Ttotal | Status | Flags |
---|---|---|---|---|---|---|
r-devel-linux-x86_64-debian-clang | 1.19 | 18.76 | 72.30 | 91.06 | NOTE | |
r-devel-linux-x86_64-debian-gcc | 1.19 | 11.53 | 57.22 | 68.75 | NOTE | |
r-devel-linux-x86_64-fedora-clang | 1.19 | 111.57 | NOTE | |||
r-devel-linux-x86_64-fedora-gcc | 1.19 | 108.05 | NOTE | |||
r-devel-windows-x86_64 | 1.19 | 15.00 | 87.00 | 102.00 | NOTE | |
r-patched-linux-x86_64 | 1.19 | 19.33 | 70.27 | 89.60 | NOTE | |
r-release-linux-x86_64 | 1.19 | 12.46 | 71.07 | 83.53 | NOTE | |
r-release-macos-arm64 | 1.19 | 35.00 | NOTE | |||
r-release-macos-x86_64 | 1.19 | 57.00 | NOTE | |||
r-release-windows-x86_64 | 1.19 | 20.00 | 96.00 | 116.00 | NOTE | |
r-oldrel-macos-arm64 | 1.19 | 33.00 | OK | |||
r-oldrel-macos-x86_64 | 1.19 | 45.00 | OK | |||
r-oldrel-windows-x86_64 | 1.19 | 21.00 | 102.00 | 123.00 | OK |
Version: 1.19
Check: package subdirectories
Result: NOTE
Problems with news in ‘NEWS.md’:
No news entries found.
Flavors: r-devel-linux-x86_64-debian-clang, r-devel-linux-x86_64-debian-gcc, r-devel-linux-x86_64-fedora-clang, r-devel-linux-x86_64-fedora-gcc, r-devel-windows-x86_64, r-patched-linux-x86_64, r-release-linux-x86_64, r-release-macos-arm64, r-release-macos-x86_64, r-release-windows-x86_64