Last updated on 2024-03-28 23:55:16 CET.
Flavor | Version | Tinstall | Tcheck | Ttotal | Status | Flags |
---|---|---|---|---|---|---|
r-devel-linux-x86_64-debian-clang | 0.0.10 | 197.21 | 30.76 | 227.97 | OK | |
r-devel-linux-x86_64-debian-gcc | 0.0.10 | 152.37 | 23.63 | 176.00 | OK | |
r-devel-linux-x86_64-fedora-clang | 0.0.10 | 379.29 | OK | |||
r-devel-linux-x86_64-fedora-gcc | 0.0.10 | 334.08 | OK | |||
r-devel-windows-x86_64 | 0.0.10 | 179.00 | 73.00 | 252.00 | OK | |
r-patched-linux-x86_64 | 0.0.10 | 190.29 | 29.65 | 219.94 | OK | |
r-release-linux-x86_64 | 0.0.10 | 194.90 | 29.90 | 224.80 | OK | |
r-release-macos-arm64 | 0.0.10 | 65.00 | NOTE | |||
r-release-macos-x86_64 | 0.0.10 | 78.00 | NOTE | |||
r-release-windows-x86_64 | 0.0.10 | 211.00 | 115.00 | 326.00 | OK | |
r-oldrel-macos-arm64 | 0.0.10 | 64.00 | NOTE | |||
r-oldrel-windows-x86_64 | 0.0.10 | 169.00 | 86.00 | 255.00 | OK |
Version: 0.0.10
Check: installed package size
Result: NOTE
installed size is 7.6Mb
sub-directories of 1Mb or more:
libs 7.4Mb
Flavors: r-release-macos-arm64, r-release-macos-x86_64, r-oldrel-macos-arm64