CRAN Package Check Results for Package qpmadr

Last updated on 2023-12-02 16:49:24 CET.

Flavor Version Tinstall Tcheck Ttotal Status Flags
r-devel-linux-x86_64-debian-clang 1.1.0-0 35.04 29.36 64.40 NOTE
r-devel-linux-x86_64-debian-gcc 1.1.0-0 26.06 24.27 50.33 NOTE
r-devel-linux-x86_64-fedora-clang 1.1.0-0 92.28 NOTE
r-devel-linux-x86_64-fedora-gcc 1.1.0-0 96.27 NOTE
r-devel-windows-x86_64 1.1.0-0 30.00 65.00 95.00 NOTE
r-patched-linux-x86_64 1.1.0-0 28.96 30.31 59.27 NOTE
r-release-linux-x86_64 1.1.0-0 30.83 30.54 61.37 NOTE
r-release-macos-arm64 1.1.0-0 32.00 NOTE
r-release-macos-x86_64 1.1.0-0 48.00 NOTE
r-release-windows-x86_64 1.1.0-0 39.00 68.00 107.00 NOTE
r-oldrel-macos-arm64 1.1.0-0 30.00 NOTE
r-oldrel-macos-x86_64 1.1.0-0 37.00 NOTE
r-oldrel-windows-x86_64 1.1.0-0 36.00 71.00 107.00 OK

Check Details

Version: 1.1.0-0
Check: C++ specification
Result: NOTE Specified C++11: please drop specification unless essential Flavors: r-devel-linux-x86_64-debian-clang, r-devel-linux-x86_64-debian-gcc, r-devel-linux-x86_64-fedora-clang, r-devel-linux-x86_64-fedora-gcc, r-devel-windows-x86_64, r-patched-linux-x86_64, r-release-linux-x86_64, r-release-macos-arm64, r-release-macos-x86_64, r-release-windows-x86_64

Version: 1.1.0-0
Check: installed package size
Result: NOTE installed size is 8.7Mb sub-directories of 1Mb or more: libs 8.5Mb Flavors: r-release-macos-arm64, r-release-macos-x86_64, r-oldrel-macos-arm64, r-oldrel-macos-x86_64