CRAN Package Check Results for Package qqboxplot

Last updated on 2024-07-24 16:53:58 CEST.

Flavor Version Tinstall Tcheck Ttotal Status Flags
r-devel-linux-x86_64-debian-clang 0.3.0 5.12 125.88 131.00 OK
r-devel-linux-x86_64-debian-gcc 0.3.0 4.04 95.32 99.36 NOTE
r-devel-linux-x86_64-fedora-clang 0.3.0 167.00 OK
r-devel-linux-x86_64-fedora-gcc 0.3.0 176.96 OK
r-devel-windows-x86_64 0.3.0 8.00 124.00 132.00 NOTE
r-patched-linux-x86_64 0.3.0 10.10 121.78 131.88 OK
r-release-linux-x86_64 0.3.0 5.63 121.30 126.93 OK
r-release-macos-arm64 0.3.0 50.00 OK
r-release-macos-x86_64 0.3.0 81.00 OK
r-release-windows-x86_64 0.3.0 6.00 123.00 129.00 OK
r-oldrel-macos-arm64 0.3.0 55.00 OK
r-oldrel-macos-x86_64 0.3.0 88.00 OK
r-oldrel-windows-x86_64 0.3.0 8.00 131.00 139.00 OK

Check Details

Version: 0.3.0
Check: Rd cross-references
Result: NOTE Found the following Rd file(s) with Rd \link{} targets missing package anchors: geom_qqboxplot.Rd: geom_boxplot Please provide package anchors for all Rd \link{} targets not in the package itself and the base packages. Flavors: r-devel-linux-x86_64-debian-gcc, r-devel-windows-x86_64