Last updated on 2023-06-08 08:55:30 CEST.
Flavor | Version | Tinstall | Tcheck | Ttotal | Status | Flags |
---|---|---|---|---|---|---|
r-devel-linux-x86_64-debian-clang | 0.2.3 | 4.75 | 51.76 | 56.51 | OK | |
r-devel-linux-x86_64-debian-gcc | 0.2.3 | 4.58 | 39.37 | 43.95 | OK | |
r-devel-linux-x86_64-fedora-clang | 0.2.3 | 71.30 | NOTE | |||
r-devel-linux-x86_64-fedora-gcc | 0.2.3 | 79.62 | NOTE | |||
r-devel-windows-x86_64 | 0.2.3 | 7.00 | 61.00 | 68.00 | OK | |
r-patched-linux-x86_64 | 0.2.3 | 5.70 | 47.75 | 53.45 | OK | |
r-release-linux-x86_64 | 0.2.3 | 3.69 | 47.72 | 51.41 | OK | |
r-release-macos-arm64 | 0.2.3 | 33.00 | OK | |||
r-release-macos-x86_64 | 0.2.3 | 47.00 | OK | |||
r-release-windows-x86_64 | 0.2.3 | 8.00 | 63.00 | 71.00 | OK | |
r-oldrel-macos-arm64 | 0.2.3 | 27.00 | NOTE | |||
r-oldrel-macos-x86_64 | 0.2.3 | 49.00 | NOTE | |||
r-oldrel-windows-x86_64 | 0.2.3 | 8.00 | 70.00 | 78.00 | OK |
Version: 0.2.3
Check: data for non-ASCII characters
Result: NOTE
Note: found 6 marked UTF-8 strings
Flavors: r-devel-linux-x86_64-fedora-clang, r-devel-linux-x86_64-fedora-gcc, r-oldrel-macos-arm64, r-oldrel-macos-x86_64