Last updated on 2024-03-28 23:55:16 CET.
Flavor | Version | Tinstall | Tcheck | Ttotal | Status | Flags |
---|---|---|---|---|---|---|
r-devel-linux-x86_64-debian-clang | 0.34 | 977.00 | 266.56 | 1243.56 | OK | |
r-devel-linux-x86_64-debian-gcc | 0.34 | 754.94 | 199.28 | 954.22 | OK | |
r-devel-linux-x86_64-fedora-clang | 0.34 | 1832.06 | NOTE | |||
r-devel-linux-x86_64-fedora-gcc | 0.34 | 1802.81 | OK | |||
r-devel-windows-x86_64 | 0.34 | 706.00 | 263.00 | 969.00 | NOTE | |
r-patched-linux-x86_64 | 0.34 | 949.06 | 261.16 | 1210.22 | OK | |
r-release-linux-x86_64 | 0.34 | 954.66 | 266.86 | 1221.52 | OK | |
r-release-macos-arm64 | 0.34 | 284.00 | NOTE | |||
r-release-macos-x86_64 | 0.34 | 317.00 | NOTE | |||
r-release-windows-x86_64 | 0.34 | 885.00 | 327.00 | 1212.00 | NOTE | |
r-oldrel-macos-arm64 | 0.34 | 278.00 | NOTE | |||
r-oldrel-windows-x86_64 | 0.34 | 817.00 | 294.00 | 1111.00 | NOTE |
Version: 0.34
Check: installed package size
Result: NOTE
installed size is 6.4Mb
sub-directories of 1Mb or more:
extdata 3.3Mb
libs 1.7Mb
Flavors: r-devel-linux-x86_64-fedora-clang, r-devel-windows-x86_64, r-release-macos-arm64, r-release-macos-x86_64, r-release-windows-x86_64, r-oldrel-macos-arm64, r-oldrel-windows-x86_64