CRAN Package Check Results for Package qualpalr

Last updated on 2024-06-18 16:50:00 CEST.

Flavor Version Tinstall Tcheck Ttotal Status Flags
r-devel-linux-x86_64-debian-clang 0.4.4 29.61 46.21 75.82 NOTE
r-devel-linux-x86_64-debian-gcc 0.4.4 23.26 35.11 58.37 NOTE
r-devel-linux-x86_64-fedora-clang 0.4.4 112.70 NOTE
r-devel-linux-x86_64-fedora-gcc 0.4.4 123.56 NOTE
r-devel-windows-x86_64 0.4.4 28.00 76.00 104.00 NOTE
r-patched-linux-x86_64 0.4.4 28.84 44.34 73.18 NOTE
r-release-linux-x86_64 0.4.4 27.32 45.52 72.84 NOTE
r-release-macos-arm64 0.4.4 37.00 NOTE
r-release-macos-x86_64 0.4.4 51.00 NOTE
r-release-windows-x86_64 0.4.4 28.00 79.00 107.00 NOTE
r-oldrel-macos-arm64 0.4.4 43.00 OK
r-oldrel-macos-x86_64 0.4.4 83.00 OK
r-oldrel-windows-x86_64 0.4.4 34.00 86.00 120.00 OK

Check Details

Version: 0.4.4
Check: Rd files
Result: NOTE checkRd: (-1) qualpal.Rd:22-28: Lost braces in \itemize; meant \describe ? checkRd: (-1) qualpal.Rd:30-50: Lost braces in \itemize; meant \describe ? Flavors: r-devel-linux-x86_64-debian-clang, r-devel-linux-x86_64-debian-gcc, r-devel-linux-x86_64-fedora-clang, r-devel-linux-x86_64-fedora-gcc, r-devel-windows-x86_64, r-patched-linux-x86_64, r-release-linux-x86_64, r-release-macos-arm64, r-release-macos-x86_64, r-release-windows-x86_64