CRAN Package Check Results for Package quantoptr

Last updated on 2023-05-28 16:57:58 CEST.

Flavor Version Tinstall Tcheck Ttotal Status Flags
r-devel-linux-x86_64-debian-clang 0.1.3 12.74 104.31 117.05 NOTE
r-devel-linux-x86_64-debian-gcc 0.1.3 9.41 80.40 89.81 NOTE
r-devel-linux-x86_64-fedora-clang 0.1.3 141.72 NOTE
r-devel-linux-x86_64-fedora-gcc 0.1.3 141.07 NOTE
r-devel-windows-x86_64 0.1.3 10.00 93.00 103.00 NOTE
r-patched-linux-x86_64 0.1.3 12.27 100.58 112.85 NOTE
r-release-linux-x86_64 0.1.3 10.24 101.23 111.47 NOTE
r-release-macos-arm64 0.1.3 43.00 NOTE
r-release-macos-x86_64 0.1.3 71.00 NOTE
r-release-windows-x86_64 0.1.3 13.00 111.00 124.00 NOTE
r-oldrel-macos-arm64 0.1.3 56.00 NOTE
r-oldrel-macos-x86_64 0.1.3 55.00 NOTE
r-oldrel-windows-x86_64 0.1.3 14.00 109.00 123.00 NOTE

Check Details

Version: 0.1.3
Check: LazyData
Result: NOTE
     'LazyData' is specified without a 'data' directory
Flavors: r-devel-linux-x86_64-debian-clang, r-devel-linux-x86_64-debian-gcc, r-devel-linux-x86_64-fedora-clang, r-devel-linux-x86_64-fedora-gcc, r-devel-windows-x86_64, r-patched-linux-x86_64, r-release-linux-x86_64, r-release-macos-arm64, r-release-macos-x86_64, r-release-windows-x86_64, r-oldrel-macos-arm64, r-oldrel-macos-x86_64, r-oldrel-windows-x86_64