Last updated on 2024-03-18 23:53:39 CET.
Flavor | Version | Tinstall | Tcheck | Ttotal | Status | Flags |
---|---|---|---|---|---|---|
r-devel-linux-x86_64-debian-clang | 5.97 | 40.62 | 203.99 | 244.61 | NOTE | |
r-devel-linux-x86_64-debian-gcc | 5.97 | 26.66 | 151.03 | 177.69 | NOTE | |
r-devel-linux-x86_64-fedora-clang | 5.97 | 320.64 | NOTE | |||
r-devel-linux-x86_64-fedora-gcc | 5.97 | 298.83 | NOTE | |||
r-devel-windows-x86_64 | 5.97 | 40.00 | 176.00 | 216.00 | NOTE | |
r-patched-linux-x86_64 | 5.97 | 36.91 | 199.51 | 236.42 | OK | |
r-release-linux-x86_64 | 5.97 | 27.59 | 195.60 | 223.19 | OK | |
r-release-macos-arm64 | 5.97 | 96.00 | OK | |||
r-release-macos-x86_64 | 5.97 | 209.00 | OK | |||
r-release-windows-x86_64 | 5.97 | 47.00 | 215.00 | 262.00 | OK | |
r-oldrel-macos-arm64 | 5.97 | 88.00 | OK | |||
r-oldrel-windows-x86_64 | 5.97 | 48.00 | 209.00 | 257.00 | OK |
Version: 5.97
Check: Rd files
Result: NOTE
checkRd: (-1) boot.rq.pwxy.Rd:52: Lost braces in \enumerate; \value handles \item{}{} directly
checkRd: (-1) boot.rq.pwxy.Rd:53: Lost braces in \enumerate; \value handles \item{}{} directly
checkRd: (-1) boot.rq.pwxy.Rd:54: Lost braces in \enumerate; \value handles \item{}{} directly
checkRd: (-1) plot.rqss.Rd:16: Lost braces; missing escapes or markup?
16 | to plot {summary.rqss} objects just generates a warning message.
| ^
checkRd: (-1) rq.fit.conquer.Rd:22: Lost braces
22 | objective function. Default is max{((log(n) + p) / n)^0.4, 0.05}.
| ^
checkRd: (-1) rq.fit.pfnb.Rd:37-38: Lost braces in \enumerate; \value handles \item{}{} directly
checkRd: (-1) rq.fit.pfnb.Rd:39-43: Lost braces in \enumerate; \value handles \item{}{} directly
checkRd: (-1) rq.fit.pfnb.Rd:44: Lost braces in \enumerate; \value handles \item{}{} directly
checkRd: (-1) rq.fit.qfnb.Rd:31-32: Lost braces in \enumerate; \value handles \item{}{} directly
checkRd: (-1) rq.fit.qfnb.Rd:33: Lost braces in \enumerate; \value handles \item{}{} directly
checkRd: (-1) rq.fit.qfnb.Rd:34: Lost braces in \enumerate; \value handles \item{}{} directly
Flavors: r-devel-linux-x86_64-debian-clang, r-devel-linux-x86_64-debian-gcc, r-devel-linux-x86_64-fedora-clang, r-devel-linux-x86_64-fedora-gcc, r-devel-windows-x86_64