CRAN Package Check Results for Package questionr

Last updated on 2023-09-23 00:54:02 CEST.

Flavor Version Tinstall Tcheck Ttotal Status Flags
r-devel-linux-x86_64-debian-clang 0.7.8 10.05 89.83 99.88 OK
r-devel-linux-x86_64-debian-gcc 0.7.8 6.99 66.78 73.77 OK
r-devel-linux-x86_64-fedora-clang 0.7.8 125.49 NOTE
r-devel-linux-x86_64-fedora-gcc 0.7.8 135.98 NOTE
r-devel-windows-x86_64 0.7.8 12.00 102.00 114.00 OK
r-patched-linux-x86_64 0.7.8 7.27 84.08 91.35 OK
r-release-linux-x86_64 0.7.8 6.93 86.43 93.36 OK
r-release-macos-arm64 0.7.8 50.00 OK
r-release-macos-x86_64 0.7.8 67.00 NOTE
r-release-windows-x86_64 0.7.8 13.00 108.00 121.00 OK
r-oldrel-macos-arm64 0.7.8 39.00 OK
r-oldrel-macos-x86_64 0.7.8 57.00 OK
r-oldrel-windows-x86_64 0.7.8 14.00 115.00 129.00 OK

Check Details

Version: 0.7.8
Check: data for non-ASCII characters
Result: NOTE
     Note: found 8504 marked UTF-8 strings
Flavors: r-devel-linux-x86_64-fedora-clang, r-devel-linux-x86_64-fedora-gcc

Version: 0.7.8
Check: package dependencies
Result: NOTE
    Package suggested but not available for checking: ‘survey’
Flavor: r-release-macos-x86_64

Version: 0.7.8
Check: Rd cross-references
Result: NOTE
    Package unavailable to check Rd xrefs: ‘survey’
Flavor: r-release-macos-x86_64