CRAN Package Check Results for Package quickregression

Last updated on 2022-07-03 00:52:37 CEST.

Flavor Version Tinstall Tcheck Ttotal Status Flags
r-devel-linux-x86_64-debian-clang 0.2 2.49 23.91 26.40 NOTE
r-devel-linux-x86_64-debian-gcc 0.2 1.98 19.07 21.05 NOTE
r-devel-linux-x86_64-fedora-clang 0.2 43.67 NOTE
r-devel-linux-x86_64-fedora-gcc 0.2 42.11 NOTE
r-devel-windows-x86_64 0.2 11.00 51.00 62.00 NOTE
r-patched-linux-x86_64 0.2 2.12 24.26 26.38 NOTE
r-release-linux-x86_64 0.2 2.00 23.77 25.77 NOTE
r-release-macos-arm64 0.2 17.00 NOTE
r-release-macos-x86_64 0.2 29.00 NOTE
r-release-windows-x86_64 0.2 13.00 53.00 66.00 NOTE
r-oldrel-macos-arm64 0.2 27.00 NOTE
r-oldrel-macos-x86_64 0.2 41.00 NOTE
r-oldrel-windows-ix86+x86_64 0.2 6.00 43.00 49.00 NOTE

Check Details

Version: 0.2
Check: LazyData
Result: NOTE
     'LazyData' is specified without a 'data' directory
Flavors: r-devel-linux-x86_64-debian-clang, r-devel-linux-x86_64-debian-gcc, r-devel-linux-x86_64-fedora-clang, r-devel-linux-x86_64-fedora-gcc, r-devel-windows-x86_64, r-patched-linux-x86_64, r-release-linux-x86_64, r-release-macos-arm64, r-release-macos-x86_64, r-release-windows-x86_64, r-oldrel-macos-arm64, r-oldrel-macos-x86_64, r-oldrel-windows-ix86+x86_64