Last updated on 2024-04-27 00:58:16 CEST.
Flavor | Version | Tinstall | Tcheck | Ttotal | Status | Flags |
---|---|---|---|---|---|---|
r-devel-linux-x86_64-debian-clang | 0.6.0 | 45.32 | 215.46 | 260.78 | NOTE | |
r-devel-linux-x86_64-debian-gcc | 0.6.0 | 34.77 | 156.62 | 191.39 | NOTE | |
r-devel-linux-x86_64-fedora-clang | 0.6.0 | 333.70 | NOTE | |||
r-devel-linux-x86_64-fedora-gcc | 0.6.0 | 325.88 | NOTE | |||
r-devel-windows-x86_64 | 0.6.0 | 36.00 | 191.00 | 227.00 | NOTE | |
r-patched-linux-x86_64 | 0.6.0 | 46.40 | 206.97 | 253.37 | NOTE | |
r-release-linux-x86_64 | 0.6.0 | 36.16 | 203.36 | 239.52 | OK | |
r-release-macos-arm64 | 0.6.0 | 96.00 | OK | |||
r-release-windows-x86_64 | 0.6.0 | 37.00 | 192.00 | 229.00 | NOTE | |
r-oldrel-macos-arm64 | 0.6.0 | 89.00 | OK | |||
r-oldrel-macos-x86_64 | 0.6.0 | 238.00 | OK | |||
r-oldrel-windows-x86_64 | 0.6.0 | 47.00 | 244.00 | 291.00 | OK |
Version: 0.6.0
Check: HTML version of manual
Result: NOTE
Found the following HTML validation problems:
confusion_matrix.html:236:1 (confusion_matrix.Rd:73): Warning: trimming empty <li>
confusion_matrix.html:238:1 (confusion_matrix.Rd:74): Warning: trimming empty <li>
confusion_matrix.html:240:1 (confusion_matrix.Rd:75): Warning: trimming empty <li>
confusion_matrix.html:235:1 (confusion_matrix.Rd:73): Warning: trimming empty <ul>
Flavors: r-devel-linux-x86_64-debian-clang, r-devel-linux-x86_64-debian-gcc, r-devel-linux-x86_64-fedora-clang, r-devel-linux-x86_64-fedora-gcc, r-devel-windows-x86_64, r-patched-linux-x86_64, r-release-windows-x86_64
Version: 0.6.0
Check: Rd cross-references
Result: NOTE
Undeclared packages ‘Hmisc’, ‘htmlTable’ in Rd xrefs
Flavor: r-devel-linux-x86_64-fedora-clang