Last updated on 2024-07-18 00:55:03 CEST.
Flavor | Version | Tinstall | Tcheck | Ttotal | Status | Flags |
---|---|---|---|---|---|---|
r-devel-linux-x86_64-debian-clang | 0.3.7 | 12.74 | 117.46 | 130.20 | NOTE | |
r-devel-linux-x86_64-debian-gcc | 0.3.7 | 9.64 | 85.94 | 95.58 | NOTE | |
r-devel-linux-x86_64-fedora-clang | 0.3.7 | 166.33 | NOTE | |||
r-devel-linux-x86_64-fedora-gcc | 0.3.7 | 150.21 | NOTE | |||
r-devel-windows-x86_64 | 0.3.7 | 12.00 | 96.00 | 108.00 | NOTE | |
r-patched-linux-x86_64 | 0.3.7 | 13.44 | 111.49 | 124.93 | NOTE | |
r-release-linux-x86_64 | 0.3.7 | 12.88 | 112.22 | 125.10 | NOTE | |
r-release-macos-arm64 | 0.3.7 | 47.00 | NOTE | |||
r-release-macos-x86_64 | 0.3.7 | 92.00 | NOTE | |||
r-release-windows-x86_64 | 0.3.7 | 11.00 | 98.00 | 109.00 | NOTE | |
r-oldrel-macos-arm64 | 0.3.7 | 51.00 | NOTE | |||
r-oldrel-macos-x86_64 | 0.3.7 | 108.00 | NOTE | |||
r-oldrel-windows-x86_64 | 0.3.7 | 15.00 | 117.00 | 132.00 | NOTE |
Version: 0.3.7
Check: package dependencies
Result: NOTE
Package suggested but not available for checking: ‘bootmlm’
Flavors: r-devel-linux-x86_64-debian-clang, r-devel-linux-x86_64-debian-gcc, r-devel-linux-x86_64-fedora-clang, r-devel-linux-x86_64-fedora-gcc, r-devel-windows-x86_64, r-patched-linux-x86_64, r-release-linux-x86_64, r-release-macos-arm64, r-release-macos-x86_64, r-release-windows-x86_64, r-oldrel-macos-arm64, r-oldrel-macos-x86_64, r-oldrel-windows-x86_64