Last updated on 2024-03-28 23:55:16 CET.
Flavor | Version | Tinstall | Tcheck | Ttotal | Status | Flags |
---|---|---|---|---|---|---|
r-devel-linux-x86_64-debian-clang | 6.5.0-4 | 82.49 | 199.65 | 282.14 | OK | |
r-devel-linux-x86_64-debian-gcc | 6.5.0-4 | 65.71 | 134.42 | 200.13 | OK | |
r-devel-linux-x86_64-fedora-clang | 6.5.0-4 | 364.94 | OK | |||
r-devel-linux-x86_64-fedora-gcc | 6.5.0-4 | 364.98 | OK | |||
r-devel-windows-x86_64 | 6.5.0-4 | 71.00 | 173.00 | 244.00 | OK | |
r-patched-linux-x86_64 | 6.5.0-4 | 72.91 | 188.15 | 261.06 | OK | |
r-release-linux-x86_64 | 6.5.0-4 | 79.15 | 188.94 | 268.09 | OK | |
r-release-macos-arm64 | 6.5.0-4 | 85.00 | NOTE | |||
r-release-macos-x86_64 | 6.5.0-4 | 184.00 | NOTE | |||
r-release-windows-x86_64 | 6.5.0-4 | 87.00 | 202.00 | 289.00 | OK | |
r-oldrel-macos-arm64 | 6.5.0-4 | 74.00 | NOTE | |||
r-oldrel-windows-x86_64 | 6.5.0-4 | 82.00 | 197.00 | 279.00 | OK |
Version: 6.5.0-4
Check: installed package size
Result: NOTE
installed size is 7.5Mb
sub-directories of 1Mb or more:
libs 4.7Mb
Flavors: r-release-macos-arm64, r-release-macos-x86_64, r-oldrel-macos-arm64