CRAN Package Check Results for Package r3dmol

Last updated on 2021-09-24 20:48:56 CEST.

Flavor Version Tinstall Tcheck Ttotal Status Flags
r-devel-linux-x86_64-debian-clang 0.1.2 5.92 64.02 69.94 OK
r-devel-linux-x86_64-debian-gcc 0.1.2 4.60 50.43 55.03 OK
r-devel-linux-x86_64-fedora-clang 0.1.2 98.17 NOTE
r-devel-linux-x86_64-fedora-gcc 0.1.2 88.31 OK
r-devel-windows-x86_64 0.1.2 8.00 76.00 84.00 NOTE
r-devel-windows-x86_64-gcc10-UCRT 0.1.2 OK
r-patched-linux-x86_64 0.1.2 5.90 63.52 69.42 OK
r-patched-solaris-x86 0.1.2 102.70 NOTE
r-release-linux-x86_64 0.1.2 4.36 63.19 67.55 OK
r-release-macos-arm64 0.1.2 NOTE
r-release-macos-x86_64 0.1.2 WARN
r-release-windows-ix86+x86_64 0.1.2 13.00 73.00 86.00 NOTE
r-oldrel-macos-x86_64 0.1.2 WARN
r-oldrel-windows-ix86+x86_64 0.1.2 11.00 72.00 83.00 NOTE

Check Details

Version: 0.1.2
Check: installed package size
Result: NOTE
     installed size is 11.6Mb
     sub-directories of 1Mb or more:
     doc 9.9Mb
Flavors: r-devel-linux-x86_64-fedora-clang, r-devel-windows-x86_64, r-patched-solaris-x86, r-release-macos-arm64, r-release-macos-x86_64, r-release-windows-ix86+x86_64, r-oldrel-macos-x86_64, r-oldrel-windows-ix86+x86_64

Version: 0.1.2
Check: re-building of vignette outputs
Result: WARN
    Error(s) in re-building vignettes:
     ...
    --- re-building ‘r3dmol.Rmd’ using rmarkdown
    Warning in engine$weave(file, quiet = quiet, encoding = enc) :
     Pandoc (>= 1.12.3) not available. Falling back to R Markdown v1.
    Quitting from lines 34-66 (r3dmol.Rmd)
    Error: processing vignette 'r3dmol.Rmd' failed with diagnostics:
    invalid 'path' argument
    --- failed re-building ‘r3dmol.Rmd’
    
    --- re-building ‘style-functions.Rmd’ using rmarkdown
    Warning in engine$weave(file, quiet = quiet, encoding = enc) :
     Pandoc (>= 1.12.3) not available. Falling back to R Markdown v1.
    Quitting from lines 43-49 (style-functions.Rmd)
    Error: processing vignette 'style-functions.Rmd' failed with diagnostics:
    invalid 'path' argument
    --- failed re-building ‘style-functions.Rmd’
    
    SUMMARY: processing the following files failed:
     ‘r3dmol.Rmd’ ‘style-functions.Rmd’
    
    Error: Vignette re-building failed.
    Execution halted
Flavor: r-release-macos-x86_64

Version: 0.1.2
Check: re-building of vignette outputs
Result: WARN
    Error(s) in re-building vignettes:
     ...
    --- re-building ‘r3dmol.Rmd’ using rmarkdown
    Warning in engine$weave(file, quiet = quiet, encoding = enc) :
     Pandoc (>= 1.12.3) and/or pandoc-citeproc not available. Falling back to R Markdown v1.
    Quitting from lines 34-66 (r3dmol.Rmd)
    Error: processing vignette 'r3dmol.Rmd' failed with diagnostics:
    invalid 'path' argument
    --- failed re-building ‘r3dmol.Rmd’
    
    --- re-building ‘style-functions.Rmd’ using rmarkdown
    Warning in engine$weave(file, quiet = quiet, encoding = enc) :
     Pandoc (>= 1.12.3) and/or pandoc-citeproc not available. Falling back to R Markdown v1.
    Quitting from lines 43-49 (style-functions.Rmd)
    Error: processing vignette 'style-functions.Rmd' failed with diagnostics:
    invalid 'path' argument
    --- failed re-building ‘style-functions.Rmd’
    
    SUMMARY: processing the following files failed:
     ‘r3dmol.Rmd’ ‘style-functions.Rmd’
    
    Error: Vignette re-building failed.
    Execution halted
Flavor: r-oldrel-macos-x86_64