CRAN Package Check Results for Package r4ss

Last updated on 2021-09-22 16:50:09 CEST.

Flavor Version Tinstall Tcheck Ttotal Status Flags
r-devel-linux-x86_64-debian-clang 1.36.1 49.56 195.21 244.77 OK
r-devel-linux-x86_64-debian-gcc 1.36.1 36.71 140.14 176.85 OK
r-devel-linux-x86_64-fedora-clang 1.36.1 293.00 OK
r-devel-linux-x86_64-fedora-gcc 1.36.1 280.26 OK
r-devel-windows-x86_64 1.36.1 48.00 151.00 199.00 OK
r-devel-windows-x86_64-gcc10-UCRT 1.36.1 ERROR
r-patched-linux-x86_64 1.36.1 44.01 186.24 230.25 OK
r-patched-solaris-x86 1.36.1 313.70 OK
r-release-linux-x86_64 1.36.1 36.62 187.22 223.84 OK
r-release-macos-arm64 1.36.1 OK
r-release-macos-x86_64 1.36.1 OK
r-release-windows-ix86+x86_64 1.36.1 73.00 154.00 227.00 OK
r-oldrel-macos-x86_64 1.36.1 OK
r-oldrel-windows-ix86+x86_64 1.36.1 50.00 146.00 196.00 OK

Check Details

Version: 1.36.1
Check: package dependencies
Result: ERROR
    Package required but not available: 'kableExtra'
    
    See section 'The DESCRIPTION file' in the 'Writing R Extensions'
    manual.
Flavor: r-devel-windows-x86_64-gcc10-UCRT