CRAN Package Check Results for Package rADA

Last updated on 2024-06-19 00:49:38 CEST.

Flavor Version Tinstall Tcheck Ttotal Status Flags
r-devel-linux-x86_64-debian-clang 1.1.9 5.21 57.42 62.63 OK
r-devel-linux-x86_64-debian-gcc 1.1.9 3.68 43.54 47.22 OK
r-devel-linux-x86_64-fedora-clang 1.1.9 79.28 NOTE
r-devel-linux-x86_64-fedora-gcc 1.1.9 85.47 NOTE
r-devel-windows-x86_64 1.1.9 6.00 64.00 70.00 NOTE
r-patched-linux-x86_64 1.1.9 4.67 56.22 60.89 OK
r-release-linux-x86_64 1.1.9 4.71 56.05 60.76 OK
r-release-macos-arm64 1.1.9 33.00 NOTE
r-release-macos-x86_64 1.1.9 47.00 NOTE
r-release-windows-x86_64 1.1.9 6.00 67.00 73.00 NOTE
r-oldrel-macos-arm64 1.1.9 35.00 NOTE
r-oldrel-macos-x86_64 1.1.9 44.00 NOTE
r-oldrel-windows-x86_64 1.1.9 7.00 73.00 80.00 NOTE

Check Details

Version: 1.1.9
Check: installed package size
Result: NOTE installed size is 5.7Mb sub-directories of 1Mb or more: doc 5.5Mb Flavors: r-devel-linux-x86_64-fedora-clang, r-devel-windows-x86_64, r-release-macos-arm64, r-release-macos-x86_64, r-release-windows-x86_64, r-oldrel-macos-arm64, r-oldrel-macos-x86_64, r-oldrel-windows-x86_64

Version: 1.1.9
Check: dependencies in R code
Result: NOTE Namespaces in Imports field not imported from: ‘Hmisc’ ‘car’ ‘dplyr’ ‘grid’ ‘gridExtra’ ‘knitr’ ‘lmerTest’ ‘tidyr’ All declared Imports should be used. Flavors: r-devel-linux-x86_64-fedora-clang, r-devel-linux-x86_64-fedora-gcc