CRAN Package Check Results for Package rCBA

Last updated on 2021-11-30 20:49:27 CET.

Flavor Version Tinstall Tcheck Ttotal Status Flags
r-devel-linux-x86_64-debian-clang 0.4.3 11.66 96.37 108.03 NOTE
r-devel-linux-x86_64-debian-gcc 0.4.3 9.88 76.65 86.53 NOTE
r-devel-linux-x86_64-fedora-clang 0.4.3 136.51 NOTE
r-devel-linux-x86_64-fedora-gcc 0.4.3 134.01 NOTE
r-devel-windows-x86_64-new-UL 0.4.3 19.00 141.00 160.00 NOTE
r-devel-windows-x86_64-new-TK 0.4.3 NOTE
r-devel-windows-x86_64-old 0.4.3 17.00 96.00 113.00 NOTE
r-patched-linux-x86_64 0.4.3 10.85 94.92 105.77 NOTE
r-release-linux-x86_64 0.4.3 10.42 95.96 106.38 NOTE
r-release-macos-arm64 0.4.3 NOTE
r-release-macos-x86_64 0.4.3 NOTE
r-release-windows-ix86+x86_64 0.4.3 25.00 90.00 115.00 NOTE
r-oldrel-macos-x86_64 0.4.3 OK
r-oldrel-windows-ix86+x86_64 0.4.3 17.00 119.00 136.00 OK

Check Details

Version: 0.4.3
Check: LazyData
Result: NOTE
     'LazyData' is specified without a 'data' directory
Flavors: r-devel-linux-x86_64-debian-clang, r-devel-linux-x86_64-debian-gcc, r-devel-linux-x86_64-fedora-clang, r-devel-linux-x86_64-fedora-gcc, r-devel-windows-x86_64-new-UL, r-devel-windows-x86_64-new-TK, r-devel-windows-x86_64-old, r-patched-linux-x86_64, r-release-linux-x86_64, r-release-macos-arm64, r-release-macos-x86_64, r-release-windows-ix86+x86_64