Last updated on 2024-04-20 08:51:07 CEST.
Flavor | Version | Tinstall | Tcheck | Ttotal | Status | Flags |
---|---|---|---|---|---|---|
r-devel-linux-x86_64-debian-clang | 1.0.68 | 6.18 | 38.97 | 45.15 | OK | |
r-devel-linux-x86_64-debian-gcc | 1.0.68 | 4.39 | 28.95 | 33.34 | OK | |
r-devel-linux-x86_64-fedora-clang | 1.0.68 | 54.41 | OK | |||
r-devel-linux-x86_64-fedora-gcc | 1.0.68 | 51.33 | OK | |||
r-prerel-macos-arm64 | 1.0.68 | 19.00 | OK | |||
r-prerel-windows-x86_64 | 1.0.68 | 6.00 | 51.00 | 57.00 | OK | |
r-patched-linux-x86_64 | 1.0.68 | 4.18 | 37.92 | 42.10 | OK | |
r-release-linux-x86_64 | 1.0.68 | 5.78 | 37.63 | 43.41 | OK | |
r-release-macos-arm64 | 1.0.68 | 20.00 | OK | |||
r-release-macos-x86_64 | 1.0.68 | 28.00 | NOTE | |||
r-release-windows-x86_64 | 1.0.68 | 8.00 | 54.00 | 62.00 | OK | |
r-oldrel-macos-arm64 | 1.0.68 | 19.00 | OK | |||
r-oldrel-windows-x86_64 | 1.0.68 | 7.00 | 58.00 | 65.00 | OK |
Version: 1.0.68
Check: package dependencies
Result: NOTE
Package suggested but not available for checking: ‘evolMap’
Flavor: r-release-macos-x86_64
Version: 1.0.68
Check: dependencies in R code
Result: NOTE
Unavailable namespace imported from by a ':::' call: ‘evolMap’
See the note in ?`:::` about the use of this operator.
Flavor: r-release-macos-x86_64