CRAN Package Check Results for Package rDEA

Last updated on 2024-02-27 08:55:27 CET.

Flavor Version Tinstall Tcheck Ttotal Status Flags
r-devel-linux-x86_64-debian-clang 1.2-8 6.02 63.61 69.63 OK
r-devel-linux-x86_64-debian-gcc 1.2-8 5.18 48.37 53.55 OK
r-devel-linux-x86_64-fedora-clang 1.2-8 87.50 NOTE
r-devel-linux-x86_64-fedora-gcc 1.2-8 83.40 OK
r-devel-windows-x86_64 1.2-8 16.00 72.00 88.00 OK
r-patched-linux-x86_64 1.2-8 5.74 63.51 69.25 OK
r-release-linux-x86_64 1.2-8 6.70 62.57 69.27 OK
r-release-macos-arm64 1.2-8 29.00 OK
r-release-macos-x86_64 1.2-8 69.00 OK
r-release-windows-x86_64 1.2-8 19.00 83.00 102.00 OK
r-oldrel-macos-arm64 1.2-8 31.00 OK
r-oldrel-windows-x86_64 1.2-8 9.00 80.00 89.00 OK

Check Details

Version: 1.2-8
Check: Rd cross-references
Result: NOTE Undeclared package ‘Rglpk’ in Rd xrefs Flavor: r-devel-linux-x86_64-fedora-clang