Last updated on 2023-10-04 00:58:35 CEST.
Flavor | Version | Tinstall | Tcheck | Ttotal | Status | Flags |
---|---|---|---|---|---|---|
r-devel-linux-x86_64-debian-clang | 0.54.1 | 12.41 | 80.78 | 93.19 | NOTE | |
r-devel-linux-x86_64-debian-gcc | 0.54.1 | 9.64 | 60.03 | 69.67 | NOTE | |
r-devel-linux-x86_64-fedora-clang | 0.54.1 | 118.36 | NOTE | |||
r-devel-linux-x86_64-fedora-gcc | 0.54.1 | 109.69 | NOTE | |||
r-devel-windows-x86_64 | 0.54.1 | 11.00 | 89.00 | 100.00 | NOTE | |
r-patched-linux-x86_64 | 0.54.1 | 12.62 | 76.69 | 89.31 | NOTE | |
r-release-linux-x86_64 | 0.54.1 | 10.16 | 76.56 | 86.72 | NOTE | |
r-release-macos-arm64 | 0.54.1 | 37.00 | ERROR | |||
r-release-macos-x86_64 | 0.54.1 | 6.00 | ERROR | |||
r-release-windows-x86_64 | 0.54.1 | 14.00 | 97.00 | 111.00 | NOTE | |
r-oldrel-macos-arm64 | 0.54.1 | 35.00 | OK | |||
r-oldrel-macos-x86_64 | 0.54.1 | 64.00 | OK | |||
r-oldrel-windows-x86_64 | 0.54.1 | 16.00 | 94.00 | 110.00 | OK |
Version: 0.54.1
Check: package subdirectories
Result: NOTE
Problems with news in ‘NEWS.md’:
No news entries found.
Flavors: r-devel-linux-x86_64-debian-clang, r-devel-linux-x86_64-debian-gcc, r-devel-linux-x86_64-fedora-clang, r-devel-linux-x86_64-fedora-gcc, r-devel-windows-x86_64, r-patched-linux-x86_64, r-release-linux-x86_64, r-release-windows-x86_64
Version: 0.54.1
Check: package dependencies
Result: ERROR
Package required but not available: ‘rhdf5’
See section ‘The DESCRIPTION file’ in the ‘Writing R Extensions’
manual.
Flavors: r-release-macos-arm64, r-release-macos-x86_64