Last updated on 2023-06-10 16:53:45 CEST.
Flavor | Version | Tinstall | Tcheck | Ttotal | Status | Flags |
---|---|---|---|---|---|---|
r-devel-linux-x86_64-debian-clang | 1.1 | 20.43 | 275.16 | 295.59 | OK | |
r-devel-linux-x86_64-debian-gcc | 1.1 | 17.05 | 208.29 | 225.34 | OK | |
r-devel-linux-x86_64-fedora-clang | 1.1 | 361.99 | NOTE | |||
r-devel-linux-x86_64-fedora-gcc | 1.1 | 367.77 | OK | |||
r-devel-windows-x86_64 | 1.1 | 39.00 | 222.00 | 261.00 | NOTE | |
r-patched-linux-x86_64 | 1.1 | 18.30 | 262.21 | 280.51 | OK | |
r-release-linux-x86_64 | 1.1 | 19.12 | 264.18 | 283.30 | OK | |
r-release-macos-arm64 | 1.1 | 133.00 | NOTE | |||
r-release-macos-x86_64 | 1.1 | 223.00 | NOTE | |||
r-release-windows-x86_64 | 1.1 | 45.00 | 277.00 | 322.00 | NOTE | |
r-oldrel-macos-arm64 | 1.1 | 99.00 | NOTE | |||
r-oldrel-macos-x86_64 | 1.1 | 174.00 | NOTE | |||
r-oldrel-windows-x86_64 | 1.1 | 45.00 | 286.00 | 331.00 | NOTE |
Version: 1.1
Check: installed package size
Result: NOTE
installed size is 24.8Mb
sub-directories of 1Mb or more:
extdata 24.0Mb
Flavors: r-devel-linux-x86_64-fedora-clang, r-devel-windows-x86_64, r-release-macos-arm64, r-release-macos-x86_64, r-release-windows-x86_64, r-oldrel-macos-arm64, r-oldrel-macos-x86_64, r-oldrel-windows-x86_64