CRAN Package Check Results for Package rNOMADS

Last updated on 2023-09-21 17:55:54 CEST.

Flavor Version Tinstall Tcheck Ttotal Status Flags
r-devel-linux-x86_64-debian-clang 2.5.1 5.09 43.31 48.40 NOTE
r-devel-linux-x86_64-debian-gcc 2.5.1 4.08 33.12 37.20 NOTE
r-devel-linux-x86_64-fedora-clang 2.5.1 61.54 NOTE
r-devel-linux-x86_64-fedora-gcc 2.5.1 57.84 NOTE
r-devel-windows-x86_64 2.5.1 7.00 66.00 73.00 NOTE
r-patched-linux-x86_64 2.5.1 5.41 42.07 47.48 OK
r-release-linux-x86_64 2.5.1 4.54 42.24 46.78 OK
r-release-macos-arm64 2.5.1 24.00 OK
r-release-macos-x86_64 2.5.1 30.00 OK
r-release-windows-x86_64 2.5.1 8.00 62.00 70.00 OK
r-oldrel-macos-arm64 2.5.1 19.00 OK
r-oldrel-macos-x86_64 2.5.1 28.00 OK
r-oldrel-windows-x86_64 2.5.1 8.00 64.00 72.00 OK

Check Details

Version: 2.5.1
Check: Rd \usage sections
Result: NOTE
    Documented arguments not in \usage in documentation object 'SanitizeURL':
     ‘bad.str’
    
    Functions with \usage entries need to have the appropriate \alias
    entries, and all their arguments documented.
    The \usage entries must correspond to syntactically valid R code.
    See chapter ‘Writing R documentation files’ in the ‘Writing R
    Extensions’ manual.
Flavors: r-devel-linux-x86_64-debian-clang, r-devel-linux-x86_64-debian-gcc, r-devel-linux-x86_64-fedora-clang, r-devel-linux-x86_64-fedora-gcc, r-devel-windows-x86_64