Last updated on 2023-12-04 00:52:54 CET.
Flavor | Version | Tinstall | Tcheck | Ttotal | Status | Flags |
---|---|---|---|---|---|---|
r-devel-linux-x86_64-debian-clang | 1.1.2 | 8.02 | 151.40 | 159.42 | NOTE | |
r-devel-linux-x86_64-debian-gcc | 1.1.2 | 7.08 | 116.59 | 123.67 | NOTE | |
r-devel-linux-x86_64-fedora-clang | 1.1.2 | 202.23 | NOTE | |||
r-devel-linux-x86_64-fedora-gcc | 1.1.2 | 213.01 | NOTE | |||
r-devel-windows-x86_64 | 1.1.2 | 8.00 | 145.00 | 153.00 | OK | |
r-patched-linux-x86_64 | 1.1.2 | 7.75 | 149.63 | 157.38 | OK | |
r-release-linux-x86_64 | 1.1.2 | 8.75 | 149.38 | 158.13 | OK | |
r-release-macos-arm64 | 1.1.2 | 84.00 | OK | |||
r-release-macos-x86_64 | 1.1.2 | 152.00 | OK | |||
r-release-windows-x86_64 | 1.1.2 | 10.00 | 158.00 | 168.00 | OK | |
r-oldrel-macos-arm64 | 1.1.2 | 63.00 | NOTE | |||
r-oldrel-macos-x86_64 | 1.1.2 | 110.00 | NOTE | |||
r-oldrel-windows-x86_64 | 1.1.2 | 11.00 | 166.00 | 177.00 | OK |
Version: 1.1.2
Check: Rd files
Result: NOTE
checkRd: (-1) calc_pve.Rd:41: Lost braces in \itemize; \value handles \item{}{} directly
checkRd: (-1) calc_pve.Rd:42: Lost braces in \itemize; \value handles \item{}{} directly
checkRd: (-1) calc_pve.Rd:43: Lost braces in \itemize; \value handles \item{}{} directly
checkRd: (-1) calc_pve.Rd:44: Lost braces in \itemize; \value handles \item{}{} directly
checkRd: (-1) decompose_genoprobs.Rd:17: Lost braces in \itemize; \value handles \item{}{} directly
checkRd: (-1) decompose_genoprobs.Rd:18: Lost braces in \itemize; \value handles \item{}{} directly
checkRd: (-1) decompose_genoprobs.Rd:19: Lost braces in \itemize; \value handles \item{}{} directly
checkRd: (-1) eff_neighbor.Rd:44: Lost braces in \itemize; \value handles \item{}{} directly
checkRd: (-1) eff_neighbor.Rd:45: Lost braces in \itemize; \value handles \item{}{} directly
checkRd: (-1) eff_neighbor.Rd:46: Lost braces in \itemize; \value handles \item{}{} directly
checkRd: (-1) eff_neighbor.Rd:47: Lost braces in \itemize; \value handles \item{}{} directly
checkRd: (-1) eff_neighbor.Rd:48: Lost braces in \itemize; \value handles \item{}{} directly
checkRd: (-1) eff_neighbor.Rd:49: Lost braces in \itemize; \value handles \item{}{} directly
checkRd: (-1) int_neighbor.Rd:44: Lost braces in \itemize; \value handles \item{}{} directly
checkRd: (-1) int_neighbor.Rd:45: Lost braces in \itemize; \value handles \item{}{} directly
checkRd: (-1) int_neighbor.Rd:46: Lost braces in \itemize; \value handles \item{}{} directly
checkRd: (-1) scan_neighbor.Rd:41: Lost braces in \itemize; \value handles \item{}{} directly
checkRd: (-1) scan_neighbor.Rd:42: Lost braces in \itemize; \value handles \item{}{} directly
checkRd: (-1) scan_neighbor.Rd:43: Lost braces in \itemize; \value handles \item{}{} directly
checkRd: (-1) scan_neighbor.Rd:44: Lost braces in \itemize; \value handles \item{}{} directly
checkRd: (-1) sim_nei_qtl.Rd:38: Lost braces in \itemize; \value handles \item{}{} directly
checkRd: (-1) sim_nei_qtl.Rd:39: Lost braces in \itemize; \value handles \item{}{} directly
checkRd: (-1) sim_nei_qtl.Rd:40: Lost braces in \itemize; \value handles \item{}{} directly
Flavors: r-devel-linux-x86_64-debian-clang, r-devel-linux-x86_64-debian-gcc
Version: 1.1.2
Check: dependencies in R code
Result: NOTE
Namespace in Imports field not imported from: ‘qtl’
All declared Imports should be used.
Flavors: r-devel-linux-x86_64-fedora-clang, r-devel-linux-x86_64-fedora-gcc, r-oldrel-macos-arm64, r-oldrel-macos-x86_64