Last updated on 2024-03-28 23:55:18 CET.
Flavor | Version | Tinstall | Tcheck | Ttotal | Status | Flags |
---|---|---|---|---|---|---|
r-devel-linux-x86_64-debian-clang | 0.99.6 | 5.91 | 130.06 | 135.97 | NOTE | |
r-devel-linux-x86_64-debian-gcc | 0.99.6 | 4.15 | 92.42 | 96.57 | NOTE | |
r-devel-linux-x86_64-fedora-clang | 0.99.6 | 163.69 | NOTE | |||
r-devel-linux-x86_64-fedora-gcc | 0.99.6 | 170.15 | NOTE | |||
r-devel-windows-x86_64 | 0.99.6 | 9.00 | 116.00 | 125.00 | NOTE | |
r-patched-linux-x86_64 | 0.99.6 | 6.51 | 122.59 | 129.10 | NOTE | |
r-release-linux-x86_64 | 0.99.6 | 6.06 | 117.08 | 123.14 | NOTE | |
r-release-macos-arm64 | 0.99.6 | 58.00 | NOTE | |||
r-release-macos-x86_64 | 0.99.6 | 84.00 | NOTE | |||
r-release-windows-x86_64 | 0.99.6 | 6.00 | 133.00 | 139.00 | NOTE | |
r-oldrel-macos-arm64 | 0.99.6 | 58.00 | NOTE | |||
r-oldrel-windows-x86_64 | 0.99.6 | 9.00 | 139.00 | 148.00 | NOTE |
Version: 0.99.6
Check: LazyData
Result: NOTE
'LazyData' is specified without a 'data' directory
Flavors: r-devel-linux-x86_64-debian-clang, r-devel-linux-x86_64-debian-gcc, r-devel-linux-x86_64-fedora-clang, r-devel-linux-x86_64-fedora-gcc, r-devel-windows-x86_64, r-patched-linux-x86_64, r-release-linux-x86_64, r-release-macos-arm64, r-release-macos-x86_64, r-release-windows-x86_64, r-oldrel-macos-arm64, r-oldrel-windows-x86_64
Version: 0.99.6
Check: dependencies in R code
Result: NOTE
Namespace in Imports field not imported from: ‘data.table’
All declared Imports should be used.
Flavors: r-devel-linux-x86_64-fedora-clang, r-devel-linux-x86_64-fedora-gcc