Last updated on 2023-06-08 08:55:32 CEST.
Flavor | Version | Tinstall | Tcheck | Ttotal | Status | Flags |
---|---|---|---|---|---|---|
r-devel-linux-x86_64-debian-clang | 1.3.2-1 | 14.60 | 108.97 | 123.57 | NOTE | |
r-devel-linux-x86_64-debian-gcc | 1.3.2-1 | 15.75 | 81.62 | 97.37 | NOTE | |
r-devel-linux-x86_64-fedora-clang | 1.3.2-1 | 159.08 | NOTE | |||
r-devel-linux-x86_64-fedora-gcc | 1.3.2-1 | 150.01 | NOTE | |||
r-devel-windows-x86_64 | 1.3.2-1 | 19.00 | 124.00 | 143.00 | NOTE | |
r-patched-linux-x86_64 | 1.3.2-1 | 16.46 | 104.85 | 121.31 | NOTE | |
r-release-linux-x86_64 | 1.3.2-1 | 11.91 | 103.16 | 115.07 | NOTE | |
r-release-macos-arm64 | 1.3.2-1 | 46.00 | NOTE | |||
r-release-macos-x86_64 | 1.3.2-1 | 80.00 | NOTE | |||
r-release-windows-x86_64 | 1.3.2-1 | 26.00 | 143.00 | 169.00 | NOTE | |
r-oldrel-macos-arm64 | 1.3.2-1 | 47.00 | NOTE | |||
r-oldrel-macos-x86_64 | 1.3.2-1 | 78.00 | NOTE | |||
r-oldrel-windows-x86_64 | 1.3.2-1 | 22.00 | 125.00 | 147.00 | NOTE |
Version: 1.3.2-1
Check: LazyData
Result: NOTE
'LazyData' is specified without a 'data' directory
Flavors: r-devel-linux-x86_64-debian-clang, r-devel-linux-x86_64-debian-gcc, r-devel-linux-x86_64-fedora-clang, r-devel-linux-x86_64-fedora-gcc, r-devel-windows-x86_64, r-patched-linux-x86_64, r-release-linux-x86_64, r-release-macos-arm64, r-release-macos-x86_64, r-release-windows-x86_64, r-oldrel-macos-arm64, r-oldrel-macos-x86_64, r-oldrel-windows-x86_64