Last updated on 2024-04-20 00:56:22 CEST.
Flavor | Version | Tinstall | Tcheck | Ttotal | Status | Flags |
---|---|---|---|---|---|---|
r-devel-linux-x86_64-debian-clang | 1.3.2-1 | 19.25 | 113.21 | 132.46 | NOTE | |
r-devel-linux-x86_64-debian-gcc | 1.3.2-1 | NOTE | ||||
r-devel-linux-x86_64-fedora-clang | 1.3.2-1 | 170.07 | NOTE | |||
r-devel-linux-x86_64-fedora-gcc | 1.3.2-1 | 161.43 | NOTE | |||
r-prerel-macos-arm64 | 1.3.2-1 | 46.00 | NOTE | |||
r-prerel-windows-x86_64 | 1.3.2-1 | 18.00 | 125.00 | 143.00 | NOTE | |
r-patched-linux-x86_64 | 1.3.2-1 | 17.19 | 107.70 | 124.89 | NOTE | |
r-release-linux-x86_64 | 1.3.2-1 | 12.17 | 110.06 | 122.23 | NOTE | |
r-release-macos-arm64 | 1.3.2-1 | 46.00 | NOTE | |||
r-release-macos-x86_64 | 1.3.2-1 | 80.00 | NOTE | |||
r-release-windows-x86_64 | 1.3.2-1 | 23.00 | 145.00 | 168.00 | NOTE | |
r-oldrel-macos-arm64 | 1.3.2-1 | 47.00 | NOTE | |||
r-oldrel-windows-x86_64 | 1.3.2-1 | 22.00 | 128.00 | 150.00 | NOTE |
Version: 1.3.2-1
Check: Rd files
Result: NOTE
checkRd: (-1) as.tg.Rd:18: Lost braces; missing escapes or markup?
18 | Renames the \code{class(tg)["name"]} attribute and sets {class(tg)["type"] <- "TextGrid"} (if it is not already set)
| ^
Flavors: r-devel-linux-x86_64-debian-clang, r-devel-linux-x86_64-debian-gcc, r-devel-linux-x86_64-fedora-clang, r-devel-linux-x86_64-fedora-gcc, r-prerel-macos-arm64, r-prerel-windows-x86_64, r-patched-linux-x86_64
Version: 1.3.2-1
Check: LazyData
Result: NOTE
'LazyData' is specified without a 'data' directory
Flavors: r-devel-linux-x86_64-debian-clang, r-devel-linux-x86_64-debian-gcc, r-devel-linux-x86_64-fedora-clang, r-devel-linux-x86_64-fedora-gcc, r-prerel-macos-arm64, r-prerel-windows-x86_64, r-patched-linux-x86_64, r-release-linux-x86_64, r-release-macos-arm64, r-release-macos-x86_64, r-release-windows-x86_64, r-oldrel-macos-arm64, r-oldrel-windows-x86_64