Last updated on 2023-09-24 00:56:52 CEST.
Flavor | Version | Tinstall | Tcheck | Ttotal | Status | Flags |
---|---|---|---|---|---|---|
r-devel-linux-x86_64-debian-clang | 1.4.0 | 82.60 | 73.47 | 156.07 | NOTE | |
r-devel-linux-x86_64-debian-gcc | 1.4.0 | 55.04 | 55.01 | 110.05 | NOTE | |
r-devel-linux-x86_64-fedora-clang | 1.4.0 | 242.54 | NOTE | |||
r-devel-linux-x86_64-fedora-gcc | 1.4.0 | 247.32 | NOTE | |||
r-devel-windows-x86_64 | 1.4.0 | 69.00 | 94.00 | 163.00 | NOTE | |
r-patched-linux-x86_64 | 1.4.0 | 82.40 | 68.93 | 151.33 | NOTE | |
r-release-linux-x86_64 | 1.4.0 | 80.83 | 70.29 | 151.12 | NOTE | |
r-release-macos-arm64 | 1.4.0 | 77.00 | NOTE | |||
r-release-macos-x86_64 | 1.4.0 | 118.00 | NOTE | |||
r-release-windows-x86_64 | 1.4.0 | 86.00 | 111.00 | 197.00 | NOTE | |
r-oldrel-macos-arm64 | 1.4.0 | 64.00 | NOTE | |||
r-oldrel-macos-x86_64 | 1.4.0 | 88.00 | NOTE | |||
r-oldrel-windows-x86_64 | 1.4.0 | 83.00 | 112.00 | 195.00 | NOTE |
Version: 1.4.0
Check: C++ specification
Result: NOTE
Specified C++11: please drop specification unless essential
Flavors: r-devel-linux-x86_64-debian-clang, r-devel-linux-x86_64-debian-gcc, r-devel-linux-x86_64-fedora-clang, r-devel-linux-x86_64-fedora-gcc, r-devel-windows-x86_64, r-patched-linux-x86_64, r-release-linux-x86_64, r-release-macos-arm64, r-release-macos-x86_64, r-release-windows-x86_64
Version: 1.4.0
Check: for GNU extensions in Makefiles
Result: NOTE
GNU make is a SystemRequirements.
Flavors: r-devel-linux-x86_64-debian-clang, r-devel-linux-x86_64-debian-gcc, r-devel-linux-x86_64-fedora-clang, r-devel-linux-x86_64-fedora-gcc, r-devel-windows-x86_64, r-patched-linux-x86_64, r-release-linux-x86_64, r-release-macos-arm64, r-release-macos-x86_64, r-release-windows-x86_64, r-oldrel-macos-arm64, r-oldrel-macos-x86_64, r-oldrel-windows-x86_64