Last updated on 2024-03-27 23:59:56 CET.
Flavor | Version | Tinstall | Tcheck | Ttotal | Status | Flags |
---|---|---|---|---|---|---|
r-devel-linux-x86_64-debian-clang | 2.3.3 | 23.44 | 192.13 | 215.57 | NOTE | |
r-devel-linux-x86_64-debian-gcc | 2.3.3 | 19.08 | 137.61 | 156.69 | NOTE | |
r-devel-linux-x86_64-fedora-clang | 2.3.3 | 263.55 | OK | |||
r-devel-linux-x86_64-fedora-gcc | 2.3.3 | 265.91 | OK | |||
r-devel-windows-x86_64 | 2.3.3 | 20.00 | 151.00 | 171.00 | OK | |
r-patched-linux-x86_64 | 2.3.3 | 22.89 | 181.11 | 204.00 | NOTE | |
r-release-linux-x86_64 | 2.3.3 | 16.44 | 184.07 | 200.51 | NOTE | |
r-release-macos-arm64 | 2.3.3 | 72.00 | NOTE | |||
r-release-macos-x86_64 | 2.3.3 | 149.00 | NOTE | |||
r-release-windows-x86_64 | 2.3.3 | 29.00 | 182.00 | 211.00 | NOTE | |
r-oldrel-macos-arm64 | 2.3.3 | 72.00 | NOTE | |||
r-oldrel-windows-x86_64 | 2.3.3 | 33.00 | 179.00 | 212.00 | NOTE |
Version: 2.3.3
Check: package dependencies
Result: NOTE
Package suggested but not available for checking: ‘INLA’
Flavors: r-devel-linux-x86_64-debian-clang, r-devel-linux-x86_64-debian-gcc, r-patched-linux-x86_64, r-release-linux-x86_64, r-release-macos-arm64, r-release-macos-x86_64, r-release-windows-x86_64, r-oldrel-macos-arm64, r-oldrel-windows-x86_64