Last updated on 2024-04-19 08:54:54 CEST.
Flavor | Version | Tinstall | Tcheck | Ttotal | Status | Flags |
---|---|---|---|---|---|---|
r-devel-linux-x86_64-debian-clang | 4.23.1-2 | 151.67 | 227.22 | 378.89 | NOTE | |
r-devel-linux-x86_64-debian-gcc | 4.23.1-2 | NOTE | ||||
r-devel-linux-x86_64-fedora-clang | 4.23.1-2 | 508.98 | NOTE | |||
r-devel-linux-x86_64-fedora-gcc | 4.23.1-2 | 514.07 | NOTE | |||
r-prerel-macos-arm64 | 4.23.1-2 | 116.00 | NOTE | |||
r-prerel-windows-x86_64 | 4.23.1-2 | 124.00 | 200.00 | 324.00 | NOTE | |
r-patched-linux-x86_64 | 4.23.1-2 | 163.79 | 205.09 | 368.88 | NOTE | |
r-release-linux-x86_64 | 4.23.1-2 | 153.86 | 203.58 | 357.44 | NOTE | |
r-release-macos-arm64 | 4.23.1-2 | 122.00 | NOTE | |||
r-release-macos-x86_64 | 4.23.1-2 | 237.00 | NOTE | |||
r-release-windows-x86_64 | 4.23.1-2 | 142.00 | 256.00 | 398.00 | NOTE | |
r-oldrel-macos-arm64 | 4.23.1-2 | 99.00 | NOTE | |||
r-oldrel-windows-x86_64 | 4.23.1-2 | 167.00 | 244.00 | 411.00 | NOTE |
Version: 4.23.1-2
Check: C++ specification
Result: NOTE
Specified C++11: please drop specification unless essential
Flavors: r-devel-linux-x86_64-debian-clang, r-devel-linux-x86_64-debian-gcc, r-devel-linux-x86_64-fedora-clang, r-devel-linux-x86_64-fedora-gcc, r-prerel-macos-arm64, r-prerel-windows-x86_64, r-patched-linux-x86_64, r-release-linux-x86_64, r-release-macos-arm64, r-release-macos-x86_64, r-release-windows-x86_64
Version: 4.23.1-2
Check: for GNU extensions in Makefiles
Result: NOTE
GNU make is a SystemRequirements.
Flavors: r-devel-linux-x86_64-debian-clang, r-devel-linux-x86_64-debian-gcc, r-devel-linux-x86_64-fedora-clang, r-devel-linux-x86_64-fedora-gcc, r-prerel-macos-arm64, r-prerel-windows-x86_64, r-patched-linux-x86_64, r-release-linux-x86_64, r-release-macos-arm64, r-release-macos-x86_64, r-release-windows-x86_64, r-oldrel-macos-arm64, r-oldrel-windows-x86_64
Version: 4.23.1-2
Check: installed package size
Result: NOTE
installed size is 11.5Mb
sub-directories of 1Mb or more:
doc 7.8Mb
libs 2.8Mb
Flavors: r-devel-linux-x86_64-fedora-clang, r-prerel-macos-arm64, r-prerel-windows-x86_64, r-release-macos-arm64, r-release-macos-x86_64, r-release-windows-x86_64, r-oldrel-macos-arm64, r-oldrel-windows-x86_64