CRAN Package Check Results for Package rTorch

Last updated on 2021-10-25 04:54:23 CEST.

Flavor Version Tinstall Tcheck Ttotal Status Flags
r-devel-linux-x86_64-debian-clang 0.4.2 7.92 73.57 81.49 NOTE
r-devel-linux-x86_64-debian-gcc 0.4.2 7.59 56.81 64.40 NOTE
r-devel-linux-x86_64-fedora-clang 0.4.2 112.45 NOTE
r-devel-linux-x86_64-fedora-gcc 0.4.2 102.66 NOTE
r-devel-windows-x86_64 0.4.2 13.00 75.00 88.00 NOTE
r-devel-windows-x86_64-gcc10-UCRT 0.4.2 NOTE
r-patched-linux-x86_64 0.4.2 8.52 71.08 79.60 NOTE
r-patched-solaris-x86 0.4.2 148.70 NOTE
r-release-linux-x86_64 0.4.2 8.30 70.53 78.83 NOTE
r-release-macos-arm64 0.4.2 NOTE
r-release-macos-x86_64 0.4.2 NOTE
r-release-windows-ix86+x86_64 0.4.2 13.00 98.00 111.00 NOTE
r-oldrel-macos-x86_64 0.4.2 NOTE
r-oldrel-windows-ix86+x86_64 0.4.2 19.00 107.00 126.00 OK

Check Details

Version: 0.4.2
Check: LazyData
Result: NOTE
     'LazyData' is specified without a 'data' directory
Flavors: r-devel-linux-x86_64-debian-clang, r-devel-linux-x86_64-debian-gcc, r-devel-linux-x86_64-fedora-clang, r-devel-linux-x86_64-fedora-gcc, r-devel-windows-x86_64, r-devel-windows-x86_64-gcc10-UCRT, r-patched-linux-x86_64, r-patched-solaris-x86, r-release-linux-x86_64, r-release-macos-arm64, r-release-macos-x86_64, r-release-windows-ix86+x86_64

Version: 0.4.2
Check: dependencies in R code
Result: NOTE
    Namespace in Imports field not imported from: ‘methods’
     All declared Imports should be used.
Flavors: r-devel-linux-x86_64-fedora-clang, r-devel-linux-x86_64-fedora-gcc, r-devel-windows-x86_64-gcc10-UCRT, r-patched-solaris-x86, r-release-macos-arm64, r-release-macos-x86_64, r-oldrel-macos-x86_64