Last updated on 2023-12-06 00:58:27 CET.
Flavor | Version | Tinstall | Tcheck | Ttotal | Status | Flags |
---|---|---|---|---|---|---|
r-devel-linux-x86_64-debian-clang | 1.2.4 | 25.51 | 166.58 | 192.09 | NOTE | |
r-devel-linux-x86_64-debian-gcc | 1.2.4 | 19.49 | 125.57 | 145.06 | NOTE | |
r-devel-linux-x86_64-fedora-clang | 1.2.4 | 236.56 | NOTE | |||
r-devel-linux-x86_64-fedora-gcc | 1.2.4 | 233.84 | NOTE | |||
r-devel-windows-x86_64 | 1.2.4 | 21.00 | 135.00 | 156.00 | NOTE | |
r-patched-linux-x86_64 | 1.2.4 | 20.94 | 159.82 | 180.76 | NOTE | |
r-release-linux-x86_64 | 1.2.4 | 17.11 | 157.84 | 174.95 | NOTE | |
r-release-macos-arm64 | 1.2.4 | 76.00 | NOTE | |||
r-release-macos-x86_64 | 1.2.4 | 127.00 | NOTE | |||
r-release-windows-x86_64 | 1.2.4 | 27.00 | 167.00 | 194.00 | NOTE | |
r-oldrel-macos-arm64 | 1.2.4 | 61.00 | NOTE | |||
r-oldrel-macos-x86_64 | 1.2.4 | 91.00 | NOTE | |||
r-oldrel-windows-x86_64 | 1.2.4 | 28.00 | 162.00 | 190.00 | NOTE |
Version: 1.2.4
Check: package dependencies
Result: NOTE
Package suggested but not available for checking: ‘rWCVPdata’
Flavors: r-devel-linux-x86_64-debian-clang, r-devel-linux-x86_64-debian-gcc, r-devel-linux-x86_64-fedora-clang, r-devel-linux-x86_64-fedora-gcc, r-devel-windows-x86_64, r-patched-linux-x86_64, r-release-linux-x86_64, r-release-macos-arm64, r-release-macos-x86_64, r-release-windows-x86_64, r-oldrel-macos-arm64, r-oldrel-macos-x86_64, r-oldrel-windows-x86_64
Version: 1.2.4
Check: Rd cross-references
Result: NOTE
Undeclared package ‘scales’ in Rd xrefs
Flavor: r-devel-linux-x86_64-fedora-clang
Version: 1.2.4
Check: data for non-ASCII characters
Result: NOTE
Note: found 16 marked UTF-8 strings
Flavors: r-devel-linux-x86_64-fedora-clang, r-devel-linux-x86_64-fedora-gcc
Version: 1.2.4
Check: installed package size
Result: NOTE
installed size is 5.7Mb
sub-directories of 1Mb or more:
data 3.0Mb
extdata 2.4Mb
Flavors: r-release-macos-arm64, r-release-macos-x86_64, r-oldrel-macos-arm64