Last updated on 2024-04-18 01:03:14 CEST.
Flavor | Version | Tinstall | Tcheck | Ttotal | Status | Flags |
---|---|---|---|---|---|---|
r-devel-linux-x86_64-debian-clang | 0.1.2 | 7.89 | 65.43 | 73.32 | NOTE | |
r-devel-linux-x86_64-debian-gcc | 0.1.2 | 5.16 | 48.66 | 53.82 | NOTE | |
r-devel-linux-x86_64-fedora-clang | 0.1.2 | 88.05 | NOTE | |||
r-devel-linux-x86_64-fedora-gcc | 0.1.2 | 85.57 | NOTE | |||
r-prerel-macos-arm64 | 0.1.2 | 29.00 | NOTE | |||
r-prerel-windows-x86_64 | 0.1.2 | 7.00 | 69.00 | 76.00 | NOTE | |
r-patched-linux-x86_64 | 0.1.2 | 6.46 | 62.66 | 69.12 | NOTE | |
r-release-linux-x86_64 | 0.1.2 | 8.00 | 64.83 | 72.83 | NOTE | |
r-release-macos-arm64 | 0.1.2 | 32.00 | NOTE | |||
r-release-macos-x86_64 | 0.1.2 | 50.00 | NOTE | |||
r-release-windows-x86_64 | 0.1.2 | 9.00 | 79.00 | 88.00 | NOTE | |
r-oldrel-macos-arm64 | 0.1.2 | 29.00 | NOTE | |||
r-oldrel-windows-x86_64 | 0.1.2 | 9.00 | 81.00 | 90.00 | NOTE |
Version: 0.1.2
Check: LazyData
Result: NOTE
'LazyData' is specified without a 'data' directory
Flavors: r-devel-linux-x86_64-debian-clang, r-devel-linux-x86_64-debian-gcc, r-devel-linux-x86_64-fedora-clang, r-devel-linux-x86_64-fedora-gcc, r-prerel-macos-arm64, r-prerel-windows-x86_64, r-patched-linux-x86_64, r-release-linux-x86_64, r-release-macos-arm64, r-release-macos-x86_64, r-release-windows-x86_64, r-oldrel-macos-arm64, r-oldrel-windows-x86_64