CRAN Package Check Results for Package radiant.data

Last updated on 2021-09-23 04:56:40 CEST.

Flavor Version Tinstall Tcheck Ttotal Status Flags
r-devel-linux-x86_64-debian-clang 1.3.12 16.65 134.64 151.29 OK
r-devel-linux-x86_64-debian-gcc 1.3.12 13.42 99.37 112.79 OK
r-devel-linux-x86_64-fedora-clang 1.3.12 194.06 NOTE
r-devel-linux-x86_64-fedora-gcc 1.3.12 180.95 OK
r-devel-windows-x86_64 1.3.12 22.00 127.00 149.00 OK
r-devel-windows-x86_64-gcc10-UCRT 1.3.12 ERROR
r-patched-linux-x86_64 1.3.12 19.19 125.93 145.12 OK
r-patched-solaris-x86 1.3.12 236.40 OK
r-release-linux-x86_64 1.3.12 15.14 125.90 141.04 OK
r-release-macos-arm64 1.3.12 OK
r-release-macos-x86_64 1.3.12 OK
r-release-windows-ix86+x86_64 1.3.12 37.00 130.00 167.00 OK
r-oldrel-macos-x86_64 1.3.12 OK
r-oldrel-windows-ix86+x86_64 1.3.12 27.00 131.00 158.00 OK

Check Details

Version: 1.3.12
Check: package dependencies
Result: NOTE
    Imports includes 27 non-default packages.
    Importing from so many packages makes the package vulnerable to any of
    them becoming unavailable. Move as many as possible to Suggests and
    use conditionally.
Flavor: r-devel-linux-x86_64-fedora-clang

Version: 1.3.12
Check: package dependencies
Result: NOTE
    Package suggested but not available for checking: 'pkgdown'
Flavor: r-devel-windows-x86_64-gcc10-UCRT

Version: 1.3.12
Check: PDF version of manual
Result: WARN
    LaTeX errors when creating PDF version.
    This typically indicates Rd problems.
Flavor: r-devel-windows-x86_64-gcc10-UCRT

Version: 1.3.12
Check: PDF version of manual without hyperrefs or index
Result: ERROR
    Re-running with no redirection of stdout/stderr.
Flavor: r-devel-windows-x86_64-gcc10-UCRT