Last updated on 2023-06-09 16:57:04 CEST.
Flavor | Version | Tinstall | Tcheck | Ttotal | Status | Flags |
---|---|---|---|---|---|---|
r-devel-linux-x86_64-debian-clang | 1.5.0 | 13.13 | 101.58 | 114.71 | WARN | |
r-devel-linux-x86_64-debian-gcc | 1.5.0 | 9.66 | 76.45 | 86.11 | WARN | |
r-devel-linux-x86_64-fedora-clang | 1.5.0 | 150.89 | WARN | |||
r-devel-linux-x86_64-fedora-gcc | 1.5.0 | 132.49 | WARN | |||
r-devel-windows-x86_64 | 1.5.0 | 13.00 | 91.00 | 104.00 | WARN | |
r-patched-linux-x86_64 | 1.5.0 | 10.23 | 93.37 | 103.60 | WARN | |
r-release-linux-x86_64 | 1.5.0 | 11.96 | 94.72 | 106.68 | WARN | |
r-release-macos-arm64 | 1.5.0 | 46.00 | OK | |||
r-release-macos-x86_64 | 1.5.0 | 68.00 | OK | |||
r-release-windows-x86_64 | 1.5.0 | 17.00 | 111.00 | 128.00 | WARN | |
r-oldrel-macos-arm64 | 1.5.0 | 43.00 | OK | |||
r-oldrel-macos-x86_64 | 1.5.0 | 58.00 | OK | |||
r-oldrel-windows-x86_64 | 1.5.0 | 18.00 | 117.00 | 135.00 | WARN |
Version: 1.5.0
Check: whether package can be installed
Result: WARN
Found the following significant warnings:
Warning: replacing previous import ‘mvtnorm::standardize’ by ‘radiant.data::standardize’ when loading ‘radiant.design’
Flavors: r-devel-linux-x86_64-debian-clang, r-devel-linux-x86_64-debian-gcc, r-devel-linux-x86_64-fedora-clang, r-devel-linux-x86_64-fedora-gcc, r-devel-windows-x86_64, r-patched-linux-x86_64, r-release-linux-x86_64, r-release-windows-x86_64, r-oldrel-windows-x86_64