Last updated on 2024-07-18 00:55:03 CEST.
Flavor | Version | Tinstall | Tcheck | Ttotal | Status | Flags |
---|---|---|---|---|---|---|
r-devel-linux-x86_64-debian-clang | 1.0.0 | 2.15 | 24.44 | 26.59 | NOTE | |
r-devel-linux-x86_64-debian-gcc | 1.0.0 | 1.95 | 19.01 | 20.96 | NOTE | |
r-devel-linux-x86_64-fedora-clang | 1.0.0 | 36.28 | NOTE | |||
r-devel-linux-x86_64-fedora-gcc | 1.0.0 | 32.63 | NOTE | |||
r-devel-windows-x86_64 | 1.0.0 | 4.00 | 43.00 | 47.00 | NOTE | |
r-patched-linux-x86_64 | 1.0.0 | 2.93 | 23.47 | 26.40 | NOTE | |
r-release-linux-x86_64 | 1.0.0 | 1.71 | 24.23 | 25.94 | NOTE | |
r-release-macos-arm64 | 1.0.0 | 17.00 | NOTE | |||
r-release-macos-x86_64 | 1.0.0 | 28.00 | NOTE | |||
r-release-windows-x86_64 | 1.0.0 | 2.00 | 42.00 | 44.00 | NOTE | |
r-oldrel-macos-arm64 | 1.0.0 | 17.00 | NOTE | |||
r-oldrel-macos-x86_64 | 1.0.0 | 22.00 | NOTE | |||
r-oldrel-windows-x86_64 | 1.0.0 | 3.00 | 42.00 | 45.00 | NOTE |
Version: 1.0.0
Check: LazyData
Result: NOTE
'LazyData' is specified without a 'data' directory
Flavors: r-devel-linux-x86_64-debian-clang, r-devel-linux-x86_64-debian-gcc, r-devel-linux-x86_64-fedora-clang, r-devel-linux-x86_64-fedora-gcc, r-devel-windows-x86_64, r-patched-linux-x86_64, r-release-linux-x86_64, r-release-macos-arm64, r-release-macos-x86_64, r-release-windows-x86_64, r-oldrel-macos-arm64, r-oldrel-macos-x86_64, r-oldrel-windows-x86_64
Version: 1.0.0
Check: Rd cross-references
Result: NOTE
Found the following Rd file(s) with Rd \link{} targets missing package
anchors:
mypar.Rd: brewer.pal
Please provide package anchors for all Rd \link{} targets not in the
package itself and the base packages.
Flavor: r-devel-windows-x86_64