CRAN Package Check Results for Package rags2ridges

Last updated on 2021-12-05 08:51:07 CET.

Flavor Version Tinstall Tcheck Ttotal Status Flags
r-devel-linux-x86_64-debian-clang 2.2.5 59.64 263.78 323.42 OK
r-devel-linux-x86_64-debian-gcc 2.2.5 47.30 194.44 241.74 OK
r-devel-linux-x86_64-fedora-clang 2.2.5 411.60 OK
r-devel-linux-x86_64-fedora-gcc 2.2.5 386.07 OK
r-devel-windows-x86_64-new-UL 2.2.5 98.00 357.00 455.00 OK
r-devel-windows-x86_64-new-TK 2.2.5 OK
r-devel-windows-x86_64-old 2.2.5 83.00 257.00 340.00 OK
r-patched-linux-x86_64 2.2.5 65.74 241.05 306.79 OK
r-release-linux-x86_64 2.2.5 47.14 249.38 296.52 OK
r-release-macos-arm64 2.2.5 NOTE
r-release-macos-x86_64 2.2.5 NOTE
r-release-windows-ix86+x86_64 2.2.5 141.00 467.00 608.00 OK
r-oldrel-macos-x86_64 2.2.5 NOTE
r-oldrel-windows-ix86+x86_64 2.2.5 154.00 459.00 613.00 OK

Check Details

Version: 2.2.5
Check: installed package size
Result: NOTE
     installed size is 7.0Mb
     sub-directories of 1Mb or more:
     libs 5.7Mb
Flavors: r-release-macos-arm64, r-release-macos-x86_64, r-oldrel-macos-x86_64

Version: 2.2.5
Check: package dependencies
Result: NOTE
    Package suggested but not available for checking: ‘KEGGgraph’
Flavors: r-release-macos-x86_64, r-oldrel-macos-x86_64