CRAN Package Check Results for Package randomForestExplainer

Last updated on 2021-12-02 12:54:54 CET.

Flavor Version Tinstall Tcheck Ttotal Status Flags
r-devel-linux-x86_64-debian-clang 0.10.1 7.86 246.28 254.14 NOTE
r-devel-linux-x86_64-debian-gcc 0.10.1 5.70 176.26 181.96 NOTE
r-devel-linux-x86_64-fedora-clang 0.10.1 299.29 NOTE
r-devel-linux-x86_64-fedora-gcc 0.10.1 283.85 NOTE
r-devel-windows-x86_64-new-UL 0.10.1 18.00 297.00 315.00 NOTE
r-devel-windows-x86_64-new-TK 0.10.1 NOTE
r-devel-windows-x86_64-old 0.10.1 13.00 213.00 226.00 NOTE
r-patched-linux-x86_64 0.10.1 7.51 220.23 227.74 NOTE
r-patched-solaris-x86 0.10.1 309.90 NOTE
r-release-linux-x86_64 0.10.1 7.42 220.64 228.06 NOTE
r-release-macos-arm64 0.10.1 NOTE
r-release-macos-x86_64 0.10.1 NOTE
r-release-windows-ix86+x86_64 0.10.1 18.00 285.00 303.00 NOTE
r-oldrel-macos-x86_64 0.10.1 OK
r-oldrel-windows-ix86+x86_64 0.10.1 18.00 270.00 288.00 OK

Check Details

Version: 0.10.1
Check: LazyData
Result: NOTE
     'LazyData' is specified without a 'data' directory
Flavors: r-devel-linux-x86_64-debian-clang, r-devel-linux-x86_64-debian-gcc, r-devel-linux-x86_64-fedora-clang, r-devel-linux-x86_64-fedora-gcc, r-devel-windows-x86_64-new-UL, r-devel-windows-x86_64-new-TK, r-devel-windows-x86_64-old, r-patched-linux-x86_64, r-patched-solaris-x86, r-release-linux-x86_64, r-release-macos-arm64, r-release-macos-x86_64, r-release-windows-ix86+x86_64