Last updated on 2024-04-23 01:06:26 CEST.
Flavor | Version | Tinstall | Tcheck | Ttotal | Status | Flags |
---|---|---|---|---|---|---|
r-devel-linux-x86_64-debian-clang | 2.1 | 25.70 | 77.30 | 103.00 | NOTE | |
r-devel-linux-x86_64-debian-gcc | 2.1 | 20.84 | 53.79 | 74.63 | NOTE | |
r-devel-linux-x86_64-fedora-clang | 2.1 | 132.80 | NOTE | |||
r-devel-linux-x86_64-fedora-gcc | 2.1 | 124.35 | NOTE | |||
r-prerel-macos-arm64 | 2.1 | 41.00 | NOTE | |||
r-prerel-windows-x86_64 | 2.1 | 26.00 | 87.00 | 113.00 | NOTE | |
r-patched-linux-x86_64 | 2.1 | 28.12 | 69.95 | 98.07 | NOTE | |
r-release-linux-x86_64 | 2.1 | 23.67 | 70.43 | 94.10 | OK | |
r-release-macos-arm64 | 2.1 | 43.00 | OK | |||
r-release-macos-x86_64 | 2.1 | 64.00 | OK | |||
r-release-windows-x86_64 | 2.1 | 29.00 | 103.00 | 132.00 | OK | |
r-oldrel-macos-arm64 | 2.1 | 33.00 | OK | |||
r-oldrel-windows-x86_64 | 2.1 | 28.00 | 103.00 | 131.00 | OK |
Version: 2.1
Check: Rd files
Result: NOTE
checkRd: (-1) addRasterLegend.Rd:89: Lost braces in \itemize; \value handles \item{}{} directly
checkRd: (-1) addRasterLegend.Rd:90: Lost braces in \itemize; \value handles \item{}{} directly
checkRd: (-1) addRasterLegend.Rd:91: Lost braces in \itemize; \value handles \item{}{} directly
checkRd: (-1) addRasterLegend.Rd:92: Lost braces in \itemize; \value handles \item{}{} directly
checkRd: (-1) addRasterLegend.Rd:93: Lost braces in \itemize; \value handles \item{}{} directly
Flavors: r-devel-linux-x86_64-debian-clang, r-devel-linux-x86_64-debian-gcc, r-devel-linux-x86_64-fedora-clang, r-devel-linux-x86_64-fedora-gcc, r-prerel-macos-arm64, r-prerel-windows-x86_64, r-patched-linux-x86_64