Last updated on 2024-04-18 08:54:43 CEST.
Flavor | Version | Tinstall | Tcheck | Ttotal | Status | Flags |
---|---|---|---|---|---|---|
r-devel-linux-x86_64-debian-clang | 0.16.0 | 112.22 | 115.99 | 228.21 | OK | |
r-devel-linux-x86_64-debian-gcc | 0.16.0 | 100.79 | 89.15 | 189.94 | OK | |
r-devel-linux-x86_64-fedora-clang | 0.16.0 | 340.81 | OK | |||
r-devel-linux-x86_64-fedora-gcc | 0.16.0 | 337.97 | OK | |||
r-prerel-macos-arm64 | 0.16.0 | 85.00 | NOTE | |||
r-prerel-windows-x86_64 | 0.16.0 | 95.00 | 132.00 | 227.00 | OK | |
r-patched-linux-x86_64 | 0.16.0 | 119.81 | 113.40 | 233.21 | OK | |
r-release-linux-x86_64 | 0.16.0 | 120.81 | 115.92 | 236.73 | OK | |
r-release-macos-arm64 | 0.16.0 | 76.00 | NOTE | |||
r-release-macos-x86_64 | 0.16.0 | 142.00 | NOTE | |||
r-release-windows-x86_64 | 0.16.0 | 116.00 | 159.00 | 275.00 | OK | |
r-oldrel-macos-arm64 | 0.16.0 | 77.00 | NOTE | |||
r-oldrel-windows-x86_64 | 0.16.0 | 106.00 | 160.00 | 266.00 | OK |
Version: 0.16.0
Check: installed package size
Result: NOTE
installed size is 7.6Mb
sub-directories of 1Mb or more:
libs 7.3Mb
Flavors: r-prerel-macos-arm64, r-release-macos-arm64, r-release-macos-x86_64, r-oldrel-macos-arm64