Last updated on 2024-08-31 17:49:04 CEST.
Flavor | Version | Tinstall | Tcheck | Ttotal | Status | Flags |
---|---|---|---|---|---|---|
r-devel-linux-x86_64-debian-clang | 1.1.0 | 1.72 | 23.88 | 25.60 | NOTE | |
r-devel-linux-x86_64-debian-gcc | 1.1.0 | 1.42 | 18.35 | 19.77 | NOTE | |
r-devel-linux-x86_64-fedora-clang | 1.1.0 | 41.54 | NOTE | |||
r-devel-linux-x86_64-fedora-gcc | 1.1.0 | 38.99 | NOTE | |||
r-devel-windows-x86_64 | 1.1.0 | 4.00 | 49.00 | 53.00 | NOTE | |
r-patched-linux-x86_64 | 1.1.0 | 1.60 | 22.71 | 24.31 | NOTE | |
r-release-linux-x86_64 | 1.1.0 | 1.64 | 22.84 | 24.48 | NOTE | |
r-release-macos-arm64 | 1.1.0 | 19.00 | NOTE | |||
r-release-macos-x86_64 | 1.1.0 | 27.00 | NOTE | |||
r-release-windows-x86_64 | 1.1.0 | 5.00 | 56.00 | 61.00 | NOTE | |
r-oldrel-macos-arm64 | 1.1.0 | 21.00 | OK | |||
r-oldrel-macos-x86_64 | 1.1.0 | 24.00 | OK | |||
r-oldrel-windows-x86_64 | 1.1.0 | 4.00 | 52.00 | 56.00 | OK |
Version: 1.1.0
Check: Rd files
Result: NOTE
checkRd: (-1) grottaBar.Rd:69: Lost braces in \itemize; meant \describe ?
checkRd: (-1) grottaBar.Rd:70: Lost braces in \itemize; meant \describe ?
checkRd: (-1) grottaBar.Rd:71: Lost braces in \itemize; meant \describe ?
checkRd: (-1) grottaBar.Rd:79: Lost braces in \itemize; meant \describe ?
checkRd: (-1) grottaBar.Rd:80: Lost braces in \itemize; meant \describe ?
checkRd: (-1) grottaBar.Rd:81: Lost braces in \itemize; meant \describe ?
checkRd: (-1) grottaBar.Rd:82: Lost braces in \itemize; meant \describe ?
checkRd: (-1) grottaBar.Rd:83: Lost braces in \itemize; meant \describe ?
Flavors: r-devel-linux-x86_64-debian-clang, r-devel-linux-x86_64-debian-gcc, r-devel-linux-x86_64-fedora-clang, r-devel-linux-x86_64-fedora-gcc, r-devel-windows-x86_64, r-patched-linux-x86_64, r-release-linux-x86_64, r-release-macos-arm64, r-release-macos-x86_64, r-release-windows-x86_64