CRAN Package Check Results for Package rankinPlot

Last updated on 2024-07-24 08:56:57 CEST.

Flavor Version Tinstall Tcheck Ttotal Status Flags
r-devel-linux-x86_64-debian-clang 1.1.0 2.42 30.19 32.61 NOTE
r-devel-linux-x86_64-debian-gcc 1.1.0 1.85 23.26 25.11 NOTE
r-devel-linux-x86_64-fedora-clang 1.1.0 41.04 NOTE
r-devel-linux-x86_64-fedora-gcc 1.1.0 38.77 NOTE
r-devel-windows-x86_64 1.1.0 4.00 51.00 55.00 NOTE
r-patched-linux-x86_64 1.1.0 2.56 29.41 31.97 NOTE
r-release-linux-x86_64 1.1.0 2.23 29.58 31.81 NOTE
r-release-macos-arm64 1.1.0 19.00 NOTE
r-release-macos-x86_64 1.1.0 27.00 NOTE
r-release-windows-x86_64 1.1.0 3.00 50.00 53.00 NOTE
r-oldrel-macos-arm64 1.1.0 21.00 OK
r-oldrel-macos-x86_64 1.1.0 24.00 OK
r-oldrel-windows-x86_64 1.1.0 4.00 52.00 56.00 OK

Check Details

Version: 1.1.0
Check: Rd files
Result: NOTE checkRd: (-1) grottaBar.Rd:69: Lost braces in \itemize; meant \describe ? checkRd: (-1) grottaBar.Rd:70: Lost braces in \itemize; meant \describe ? checkRd: (-1) grottaBar.Rd:71: Lost braces in \itemize; meant \describe ? checkRd: (-1) grottaBar.Rd:79: Lost braces in \itemize; meant \describe ? checkRd: (-1) grottaBar.Rd:80: Lost braces in \itemize; meant \describe ? checkRd: (-1) grottaBar.Rd:81: Lost braces in \itemize; meant \describe ? checkRd: (-1) grottaBar.Rd:82: Lost braces in \itemize; meant \describe ? checkRd: (-1) grottaBar.Rd:83: Lost braces in \itemize; meant \describe ? Flavors: r-devel-linux-x86_64-debian-clang, r-devel-linux-x86_64-debian-gcc, r-devel-linux-x86_64-fedora-clang, r-devel-linux-x86_64-fedora-gcc, r-devel-windows-x86_64, r-patched-linux-x86_64, r-release-linux-x86_64, r-release-macos-arm64, r-release-macos-x86_64, r-release-windows-x86_64