CRAN Package Check Results for Package rapbase

Last updated on 2021-09-24 20:48:56 CEST.

Flavor Version Tinstall Tcheck Ttotal Status Flags
r-devel-linux-x86_64-debian-clang 1.10.0 3.59 103.03 106.62 OK
r-devel-linux-x86_64-debian-gcc 1.10.0 2.68 73.14 75.82 OK
r-devel-linux-x86_64-fedora-clang 1.10.0 130.75 NOTE
r-devel-linux-x86_64-fedora-gcc 1.10.0 188.04 NOTE
r-devel-windows-x86_64 1.10.0 5.00 126.00 131.00 OK
r-devel-windows-x86_64-gcc10-UCRT 1.10.0 NOTE
r-patched-linux-x86_64 1.10.0 3.93 32.70 36.63 OK
r-patched-solaris-x86 1.10.0 64.60 NOTE
r-release-linux-x86_64 1.10.0 3.55 32.60 36.15 OK
r-release-macos-arm64 1.10.0 NOTE
r-release-macos-x86_64 1.10.0 ERROR
r-release-windows-ix86+x86_64 1.10.0 9.00 41.00 50.00 OK
r-oldrel-macos-x86_64 1.10.0 ERROR
r-oldrel-windows-ix86+x86_64 1.10.0 6.00 67.00 73.00 OK

Check Details

Version: 1.10.0
Check: dependencies in R code
Result: NOTE
    Namespace in Imports field not imported from: ‘RJDBC’
     All declared Imports should be used.
Flavors: r-devel-linux-x86_64-fedora-clang, r-devel-linux-x86_64-fedora-gcc, r-devel-windows-x86_64-gcc10-UCRT, r-patched-solaris-x86, r-release-macos-arm64, r-release-macos-x86_64, r-oldrel-macos-x86_64

Version: 1.10.0
Check: examples
Result: ERROR
    Running examples in ‘rapbase-Ex.R’ failed
    The error most likely occurred in:
    
    > ### Name: getRapPackages
    > ### Title: Get all installed Rapporteket packages
    > ### Aliases: getRapPackages
    >
    > ### ** Examples
    >
    > getRapPackages()
    Warning in utils::packageDescription(pkg) :
     DESCRIPTION file of package 'psychonetrics' is missing or broken
    Error: $ operator is invalid for atomic vectors
    Execution halted
Flavor: r-release-macos-x86_64

Version: 1.10.0
Check: tests
Result: ERROR
     Running ‘testthat.R’ [48s/70s]
    Running the tests in ‘tests/testthat.R’ failed.
    Last 13 lines of output:
     █
     1. ├─testthat::expect_true(is.vector(getRapPackages())) test-miscellaneous-functions.R:4:2
     2. │ └─testthat::quasi_label(enquo(object), label, arg = "object")
     3. │ └─rlang::eval_bare(expr, quo_get_env(quo))
     4. ├─base::is.vector(getRapPackages())
     5. └─rapbase::getRapPackages()
     6. └─base::sapply(allPkg$Package, isPkgRapReg)
     7. └─base::lapply(X = X, FUN = FUN, ...)
     8. └─rapbase:::FUN(X[[i]], ...)
     9. └─base::grepl(...)
     10. └─base::is.factor(x)
    
     [ FAIL 1 | WARN 4 | SKIP 3 | PASS 85 ]
     Error: Test failures
     Execution halted
Flavor: r-release-macos-x86_64

Version: 1.10.0
Check: tests
Result: ERROR
     Running ‘testthat.R’ [42s/62s]
    Running the tests in ‘tests/testthat.R’ failed.
    Last 13 lines of output:
     $ operator is invalid for atomic vectors
     Backtrace:
     1. testthat::expect_true(is.vector(getRapPackages()))
     5. rapbase::getRapPackages()
     6. base::sapply(allPkg$Package, isPkgRapReg)
     7. base::lapply(X = X, FUN = FUN, ...)
     8. rapbase:::FUN(X[[i]], ...)
     9. base::grepl(...)
    
     ══ testthat results ═══════════════════════════════════════════════════════════
     [ OK: 85 | SKIPPED: 3 | WARNINGS: 4 | FAILED: 1 ]
     1. Error: Listing of Rapporteket packages is present (@test-miscellaneous-functions.R#4)
    
     Error: testthat unit tests failed
     Execution halted
Flavor: r-oldrel-macos-x86_64