Last updated on 2024-03-27 23:59:54 CET.
Flavor | Version | Tinstall | Tcheck | Ttotal | Status | Flags |
---|---|---|---|---|---|---|
r-devel-linux-x86_64-debian-clang | 1.2.0 | 1.92 | 18.62 | 20.54 | NOTE | |
r-devel-linux-x86_64-debian-gcc | 1.2.0 | 1.10 | 14.99 | 16.09 | NOTE | |
r-devel-linux-x86_64-fedora-clang | 1.2.0 | 26.47 | NOTE | |||
r-devel-linux-x86_64-fedora-gcc | 1.2.0 | 25.77 | NOTE | |||
r-devel-windows-x86_64 | 1.2.0 | 4.00 | 32.00 | 36.00 | NOTE | |
r-patched-linux-x86_64 | 1.2.0 | 1.65 | 18.17 | 19.82 | NOTE | |
r-release-linux-x86_64 | 1.2.0 | 1.70 | 18.66 | 20.36 | NOTE | |
r-release-macos-arm64 | 1.2.0 | 15.00 | NOTE | |||
r-release-macos-x86_64 | 1.2.0 | 19.00 | NOTE | |||
r-release-windows-x86_64 | 1.2.0 | 5.00 | 32.00 | 37.00 | NOTE | |
r-oldrel-macos-arm64 | 1.2.0 | 12.00 | NOTE | |||
r-oldrel-windows-x86_64 | 1.2.0 | 8.00 | 41.00 | 49.00 | NOTE |
Version: 1.2.0
Check: LazyData
Result: NOTE
'LazyData' is specified without a 'data' directory
Flavors: r-devel-linux-x86_64-debian-clang, r-devel-linux-x86_64-debian-gcc, r-devel-linux-x86_64-fedora-clang, r-devel-linux-x86_64-fedora-gcc, r-devel-windows-x86_64, r-patched-linux-x86_64, r-release-linux-x86_64, r-release-macos-arm64, r-release-macos-x86_64, r-release-windows-x86_64, r-oldrel-macos-arm64, r-oldrel-windows-x86_64