Last updated on 2023-06-08 08:55:31 CEST.
Flavor | Version | Tinstall | Tcheck | Ttotal | Status | Flags |
---|---|---|---|---|---|---|
r-devel-linux-x86_64-debian-clang | 1.1 | 5.91 | 45.17 | 51.08 | OK | |
r-devel-linux-x86_64-debian-gcc | 1.1 | 4.32 | 35.25 | 39.57 | OK | |
r-devel-linux-x86_64-fedora-clang | 1.1 | 64.24 | NOTE | |||
r-devel-linux-x86_64-fedora-gcc | 1.1 | 63.66 | OK | |||
r-devel-windows-x86_64 | 1.1 | 6.00 | 68.00 | 74.00 | OK | |
r-patched-linux-x86_64 | 1.1 | 6.17 | 44.23 | 50.40 | OK | |
r-release-linux-x86_64 | 1.1 | 5.90 | 43.87 | 49.77 | OK | |
r-release-macos-arm64 | 1.1 | 23.00 | OK | |||
r-release-macos-x86_64 | 1.1 | 34.00 | OK | |||
r-release-windows-x86_64 | 1.1 | 8.00 | 70.00 | 78.00 | OK | |
r-oldrel-macos-arm64 | 1.1 | 21.00 | OK | |||
r-oldrel-macos-x86_64 | 1.1 | 30.00 | OK | |||
r-oldrel-windows-x86_64 | 1.1 | 9.00 | 69.00 | 78.00 | OK |
Version: 1.1
Check: Rd cross-references
Result: NOTE
Undeclared package ‘reshape’ in Rd xrefs
Flavor: r-devel-linux-x86_64-fedora-clang