Last updated on 2024-03-28 23:55:16 CET.
Flavor | Version | Tinstall | Tcheck | Ttotal | Status | Flags |
---|---|---|---|---|---|---|
r-devel-linux-x86_64-debian-clang | 1.1 | 5.89 | 47.01 | 52.90 | NOTE | |
r-devel-linux-x86_64-debian-gcc | 1.1 | 3.62 | 35.68 | 39.30 | NOTE | |
r-devel-linux-x86_64-fedora-clang | 1.1 | 64.64 | NOTE | |||
r-devel-linux-x86_64-fedora-gcc | 1.1 | 62.13 | NOTE | |||
r-devel-windows-x86_64 | 1.1 | 6.00 | 68.00 | 74.00 | NOTE | |
r-patched-linux-x86_64 | 1.1 | 6.90 | 45.48 | 52.38 | NOTE | |
r-release-linux-x86_64 | 1.1 | 6.17 | 44.74 | 50.91 | OK | |
r-release-macos-arm64 | 1.1 | 23.00 | OK | |||
r-release-macos-x86_64 | 1.1 | 34.00 | OK | |||
r-release-windows-x86_64 | 1.1 | 7.00 | 71.00 | 78.00 | OK | |
r-oldrel-macos-arm64 | 1.1 | 21.00 | OK | |||
r-oldrel-windows-x86_64 | 1.1 | 9.00 | 71.00 | 80.00 | OK |
Version: 1.1
Check: Rd files
Result: NOTE
checkRd: (-1) max.Rd:17: Lost braces
17 | Returns the maximum of all values in a vector by passing \{code{\link{max}} as \code{fn} argument to \code{\link{univar}} function.
| ^
checkRd: (-1) min.Rd:17: Lost braces
17 | Returns the minimum of all values in a vector by passing \{code{\link{min}} as \code{fn} argument to \code{\link{univar}} function.
| ^
Flavors: r-devel-linux-x86_64-debian-clang, r-devel-linux-x86_64-debian-gcc, r-devel-linux-x86_64-fedora-clang, r-devel-linux-x86_64-fedora-gcc, r-devel-windows-x86_64, r-patched-linux-x86_64
Version: 1.1
Check: Rd cross-references
Result: NOTE
Undeclared package ‘reshape’ in Rd xrefs
Flavor: r-devel-linux-x86_64-fedora-clang