CRAN Package Check Results for Package rappsflyer

Last updated on 2021-10-23 05:02:45 CEST.

Flavor Version Tinstall Tcheck Ttotal Status Flags
r-devel-linux-x86_64-debian-clang 0.2.0 4.11 50.24 54.35 NOTE
r-devel-linux-x86_64-debian-gcc 0.2.0 3.86 37.26 41.12 NOTE
r-devel-linux-x86_64-fedora-clang 0.2.0 74.28 NOTE
r-devel-linux-x86_64-fedora-gcc 0.2.0 63.97 NOTE
r-devel-windows-x86_64 0.2.0 10.00 52.00 62.00 NOTE
r-devel-windows-x86_64-gcc10-UCRT 0.2.0 NOTE
r-patched-linux-x86_64 0.2.0 4.49 45.96 50.45 NOTE
r-patched-solaris-x86 0.2.0 94.40 NOTE
r-release-linux-x86_64 0.2.0 3.97 45.45 49.42 NOTE
r-release-macos-arm64 0.2.0 NOTE
r-release-macos-x86_64 0.2.0 NOTE
r-release-windows-ix86+x86_64 0.2.0 10.00 70.00 80.00 NOTE
r-oldrel-macos-x86_64 0.2.0 OK
r-oldrel-windows-ix86+x86_64 0.2.0 13.00 71.00 84.00 OK

Check Details

Version: 0.2.0
Check: LazyData
Result: NOTE
     'LazyData' is specified without a 'data' directory
Flavors: r-devel-linux-x86_64-debian-clang, r-devel-linux-x86_64-debian-gcc, r-devel-linux-x86_64-fedora-clang, r-devel-linux-x86_64-fedora-gcc, r-devel-windows-x86_64, r-devel-windows-x86_64-gcc10-UCRT, r-patched-linux-x86_64, r-patched-solaris-x86, r-release-linux-x86_64, r-release-macos-arm64, r-release-macos-x86_64, r-release-windows-ix86+x86_64