Last updated on 2023-03-19 23:53:35 CET.
Flavor | Version | Tinstall | Tcheck | Ttotal | Status | Flags |
---|---|---|---|---|---|---|
r-devel-linux-x86_64-debian-clang | 3.6-20 | OK | ||||
r-devel-linux-x86_64-debian-gcc | 3.6-20 | 201.21 | 368.14 | 569.35 | OK | |
r-devel-linux-x86_64-fedora-clang | 3.6-20 | 1031.27 | OK | |||
r-devel-linux-x86_64-fedora-gcc | 3.6-20 | 660.55 | OK | |||
r-patched-linux-x86_64 | 3.6-20 | 228.70 | 456.33 | 685.03 | OK | |
r-release-linux-x86_64 | 3.6-20 | 203.85 | 463.36 | 667.21 | OK | |
r-release-macos-arm64 | 3.6-20 | 184.00 | NOTE | |||
r-release-macos-x86_64 | 3.6-20 | 264.00 | NOTE | |||
r-release-windows-x86_64 | 3.6-20 | 445.00 | 555.00 | 1000.00 | NOTE | |
r-oldrel-macos-arm64 | 3.6-20 | 160.00 | NOTE | |||
r-oldrel-macos-x86_64 | 3.6-20 | 253.00 | NOTE | |||
r-oldrel-windows-ix86+x86_64 | 3.6-20 | 554.00 | 713.00 | 1267.00 | NOTE |
Version: 3.6-20
Check: installed package size
Result: NOTE
installed size is 10.7Mb
sub-directories of 1Mb or more:
R 3.1Mb
libs 6.6Mb
Flavors: r-release-macos-arm64, r-release-macos-x86_64, r-release-windows-x86_64, r-oldrel-macos-arm64, r-oldrel-macos-x86_64, r-oldrel-windows-ix86+x86_64