Last updated on 2023-06-07 17:55:46 CEST.
Flavor | Version | Tinstall | Tcheck | Ttotal | Status | Flags |
---|---|---|---|---|---|---|
r-devel-linux-x86_64-debian-clang | 0.3.1 | 44.15 | 560.93 | 605.08 | OK | |
r-devel-linux-x86_64-debian-gcc | 0.3.1 | 41.44 | 402.97 | 444.41 | OK | |
r-devel-linux-x86_64-fedora-clang | 0.3.1 | 742.78 | OK | |||
r-devel-linux-x86_64-fedora-gcc | 0.3.1 | 755.39 | OK | |||
r-devel-windows-x86_64 | 0.3.1 | 41.00 | 374.00 | 415.00 | OK | |
r-patched-linux-x86_64 | 0.3.1 | 50.10 | 524.87 | 574.97 | OK | |
r-release-linux-x86_64 | 0.3.1 | 44.81 | 521.41 | 566.22 | OK | |
r-release-macos-arm64 | 0.3.1 | 190.00 | NOTE | |||
r-release-macos-x86_64 | 0.3.1 | 363.00 | NOTE | |||
r-release-windows-x86_64 | 0.3.1 | 54.00 | 483.00 | 537.00 | OK | |
r-oldrel-macos-arm64 | 0.3.1 | 179.00 | NOTE | |||
r-oldrel-macos-x86_64 | 0.3.1 | 244.00 | OK | |||
r-oldrel-windows-x86_64 | 0.3.1 | 57.00 | 474.00 | 531.00 | OK |
Version: 0.3.1
Check: installed package size
Result: NOTE
installed size is 5.2Mb
sub-directories of 1Mb or more:
data 4.1Mb
Flavors: r-release-macos-arm64, r-release-macos-x86_64, r-oldrel-macos-arm64