Last updated on 2023-09-26 17:09:27 CEST.
Flavor | Version | Tinstall | Tcheck | Ttotal | Status | Flags |
---|---|---|---|---|---|---|
r-devel-linux-x86_64-debian-clang | 0.5.0 | 3.83 | 34.83 | 38.66 | NOTE | |
r-devel-linux-x86_64-debian-gcc | 0.5.0 | 2.91 | 26.29 | 29.20 | NOTE | |
r-devel-linux-x86_64-fedora-clang | 0.5.0 | 48.07 | NOTE | |||
r-devel-linux-x86_64-fedora-gcc | 0.5.0 | 46.54 | NOTE | |||
r-devel-windows-x86_64 | 0.5.0 | 6.00 | 48.00 | 54.00 | NOTE | |
r-patched-linux-x86_64 | 0.5.0 | 3.81 | 33.90 | 37.71 | OK | |
r-release-linux-x86_64 | 0.5.0 | 4.37 | 34.22 | 38.59 | OK | |
r-release-macos-arm64 | 0.5.0 | 19.00 | OK | |||
r-release-macos-x86_64 | 0.5.0 | 26.00 | OK | |||
r-release-windows-x86_64 | 0.5.0 | 7.00 | 48.00 | 55.00 | OK | |
r-oldrel-macos-arm64 | 0.5.0 | 21.00 | OK | |||
r-oldrel-macos-x86_64 | 0.5.0 | 31.00 | OK | |||
r-oldrel-windows-x86_64 | 0.5.0 | 7.00 | 53.00 | 60.00 | OK |
Version: 0.5.0
Check: Rd \usage sections
Result: NOTE
Documented arguments not in \usage in documentation object 'onb_from_w':
‘v’
Functions with \usage entries need to have the appropriate \alias
entries, and all their arguments documented.
The \usage entries must correspond to syntactically valid R code.
See chapter ‘Writing R documentation files’ in the ‘Writing R
Extensions’ manual.
Flavors: r-devel-linux-x86_64-debian-clang, r-devel-linux-x86_64-debian-gcc, r-devel-linux-x86_64-fedora-clang, r-devel-linux-x86_64-fedora-gcc, r-devel-windows-x86_64