Last updated on 2023-06-07 17:55:46 CEST.
Flavor | Version | Tinstall | Tcheck | Ttotal | Status | Flags |
---|---|---|---|---|---|---|
r-devel-linux-x86_64-debian-clang | 0.29.4 | 471.44 | 84.88 | 556.32 | OK | |
r-devel-linux-x86_64-debian-gcc | 0.29.4 | 378.89 | 64.26 | 443.15 | OK | |
r-devel-linux-x86_64-fedora-clang | 0.29.4 | 850.59 | OK | |||
r-devel-linux-x86_64-fedora-gcc | 0.29.4 | 893.70 | OK | |||
r-devel-windows-x86_64 | 0.29.4 | 375.00 | 129.00 | 504.00 | OK | |
r-patched-linux-x86_64 | 0.29.4 | 416.34 | 81.03 | 497.37 | OK | |
r-release-linux-x86_64 | 0.29.4 | 399.37 | 81.03 | 480.40 | OK | |
r-release-macos-arm64 | 0.29.4 | 186.00 | NOTE | |||
r-release-macos-x86_64 | 0.29.4 | 318.00 | NOTE | |||
r-release-windows-x86_64 | 0.29.4 | 477.00 | 154.00 | 631.00 | OK | |
r-oldrel-macos-arm64 | 0.29.4 | 153.00 | NOTE | |||
r-oldrel-macos-x86_64 | 0.29.4 | 213.00 | NOTE | |||
r-oldrel-windows-x86_64 | 0.29.4 | 468.00 | 124.00 | 592.00 | OK |
Version: 0.29.4
Check: installed package size
Result: NOTE
installed size is 21.6Mb
sub-directories of 1Mb or more:
libs 20.9Mb
Flavors: r-release-macos-arm64, r-release-macos-x86_64, r-oldrel-macos-arm64, r-oldrel-macos-x86_64