Last updated on 2024-04-18 01:03:10 CEST.
Flavor | Version | Tinstall | Tcheck | Ttotal | Status | Flags |
---|---|---|---|---|---|---|
r-devel-linux-x86_64-debian-clang | 0.37.3 | 136.94 | 154.68 | 291.62 | NOTE | |
r-devel-linux-x86_64-debian-gcc | 0.37.3 | 104.24 | 114.53 | 218.77 | NOTE | |
r-devel-linux-x86_64-fedora-clang | 0.37.3 | 396.45 | NOTE | |||
r-devel-linux-x86_64-fedora-gcc | 0.37.3 | 378.40 | NOTE | |||
r-prerel-macos-arm64 | 0.37.3 | 80.00 | NOTE | |||
r-prerel-macos-x86_64 | 0.37.3 | 170.00 | NOTE | |||
r-prerel-windows-x86_64 | 0.37.3 | 102.00 | 149.00 | 251.00 | OK | |
r-patched-linux-x86_64 | 0.37.3 | 85.94 | 144.58 | 230.52 | NOTE | |
r-release-linux-x86_64 | 0.37.3 | 94.74 | 143.71 | 238.45 | NOTE | |
r-release-macos-arm64 | 0.37.3 | 84.00 | NOTE | |||
r-release-macos-x86_64 | 0.37.3 | 162.00 | NOTE | |||
r-release-windows-x86_64 | 0.37.3 | 132.00 | 188.00 | 320.00 | NOTE | |
r-oldrel-macos-arm64 | 0.37.3 | 82.00 | NOTE | |||
r-oldrel-windows-x86_64 | 0.37.3 | 124.00 | 169.00 | 293.00 | NOTE |
Version: 0.37.3
Check: package dependencies
Result: NOTE
Package suggested but not available for checking: ‘raybevel’
Flavors: r-devel-linux-x86_64-debian-clang, r-devel-linux-x86_64-debian-gcc, r-devel-linux-x86_64-fedora-clang, r-devel-linux-x86_64-fedora-gcc, r-prerel-macos-x86_64, r-patched-linux-x86_64, r-release-linux-x86_64, r-release-macos-arm64, r-release-macos-x86_64, r-oldrel-macos-arm64
Version: 0.37.3
Check: installed package size
Result: NOTE
installed size is 7.2Mb
sub-directories of 1Mb or more:
data 2.9Mb
libs 3.3Mb
Flavors: r-prerel-macos-arm64, r-prerel-macos-x86_64, r-release-macos-arm64, r-release-macos-x86_64, r-release-windows-x86_64, r-oldrel-macos-arm64, r-oldrel-windows-x86_64