Last updated on 2023-12-03 00:56:54 CET.
Flavor | Version | Tinstall | Tcheck | Ttotal | Status | Flags |
---|---|---|---|---|---|---|
r-devel-linux-x86_64-debian-clang | 0.1-1 | 5.60 | 42.97 | 48.57 | NOTE | |
r-devel-linux-x86_64-debian-gcc | 0.1-1 | 4.45 | 33.43 | 37.88 | NOTE | |
r-devel-linux-x86_64-fedora-clang | 0.1-1 | 64.17 | OK | |||
r-devel-linux-x86_64-fedora-gcc | 0.1-1 | 65.26 | OK | |||
r-devel-windows-x86_64 | 0.1-1 | 7.00 | 65.00 | 72.00 | OK | |
r-patched-linux-x86_64 | 0.1-1 | 8.49 | 42.73 | 51.22 | OK | |
r-release-linux-x86_64 | 0.1-1 | 5.79 | 42.17 | 47.96 | OK | |
r-release-macos-arm64 | 0.1-1 | 22.00 | OK | |||
r-release-macos-x86_64 | 0.1-1 | 34.00 | OK | |||
r-release-windows-x86_64 | 0.1-1 | 10.00 | 69.00 | 79.00 | OK | |
r-oldrel-macos-arm64 | 0.1-1 | 22.00 | OK | |||
r-oldrel-macos-x86_64 | 0.1-1 | 30.00 | OK | |||
r-oldrel-windows-x86_64 | 0.1-1 | 10.00 | 62.00 | 72.00 | OK |
Version: 0.1-1
Check: Rd files
Result: NOTE
checkRd: (-1) ecoperators-methods.Rd:50: Lost braces in \itemize; meant \describe ?
checkRd: (-1) ecoperators-methods.Rd:51: Lost braces in \itemize; meant \describe ?
checkRd: (-1) ecoperators-methods.Rd:52: Lost braces in \itemize; meant \describe ?
checkRd: (-1) ecoperators-methods.Rd:53: Lost braces in \itemize; meant \describe ?
checkRd: (-1) ecoperators-methods.Rd:54: Lost braces in \itemize; meant \describe ?
Flavors: r-devel-linux-x86_64-debian-clang, r-devel-linux-x86_64-debian-gcc